88.131.106.8 - - [01/Jan/2009:00:07:33 -0600] "GET /robots.txt HTTP/1.0" 404 298 "-" "Speedy Spider (http://www.entireweb.com/about/search_tech/speedy_spider/)"
88.131.106.8 - - [01/Jan/2009:00:07:43 -0600] "GET /robots.txt HTTP/1.0" 404 298 "-" "Speedy Spider (http://www.entireweb.com/about/search_tech/speedy_spider/)"
88.131.106.8 - - [01/Jan/2009:00:07:45 -0600] "GET /robots.txt HTTP/1.0" 404 298 "-" "Speedy Spider (http://www.entireweb.com/about/search_tech/speedy_spider/)"
88.131.106.8 - - [01/Jan/2009:00:07:48 -0600] "GET /robots.txt HTTP/1.0" 404 298 "-" "Speedy Spider (http://www.entireweb.com/about/search_tech/speedy_spider/)"
66.249.71.7 - - [01/Jan/2009:00:12:15 -0600] "GET /pages/blood__correlating_structural_and_functional_brain_abnormalities_in_dystonia/354.php HTTP/1.1" 200 4016 "-" "Mozilla/5.0 (compatible; Googlebot/2.1; +http://www.google.com/bot.html)"
66.249.71.8 - - [01/Jan/2009:00:25:06 -0600] "GET /pages/how_you_can_help/13.php HTTP/1.1" 200 4005 "-" "Mozilla/5.0 (compatible; Googlebot/2.1; +http://www.google.com/bot.html)"
74.6.17.183 - - [01/Jan/2009:00:34:31 -0600] "GET /filebin/ajax/?S=A HTTP/1.0" 200 802 "-" "Mozilla/5.0 (compatible; Yahoo! Slurp; http://help.yahoo.com/help/us/ysearch/slurp)"
74.6.17.183 - - [01/Jan/2009:00:46:51 -0600] "GET /pages/treatments/6.php HTTP/1.0" 200 23569 "-" "Mozilla/5.0 (compatible; Yahoo! Slurp; http://help.yahoo.com/help/us/ysearch/slurp)"
66.249.71.8 - - [01/Jan/2009:00:57:43 -0600] "GET /pages/advocacy/12.php HTTP/1.1" 200 4697 "-" "Mozilla/5.0 (compatible; Googlebot/2.1; +http://www.google.com/bot.html)"
66.249.71.7 - - [01/Jan/2009:01:57:48 -0600] "GET /robots.txt HTTP/1.1" 404 310 "-" "Mozilla/5.0 (compatible; Googlebot/2.1; +http://www.google.com/bot.html)"
66.249.71.7 - - [01/Jan/2009:01:57:48 -0600] "GET /pages/related___differential_disorders/95.php HTTP/1.1" 200 8522 "-" "Mozilla/5.0 (compatible; Googlebot/2.1; +http://www.google.com/bot.html)"
66.249.71.8 - - [01/Jan/2009:02:08:29 -0600] "GET /pages/amy_s_blog__draining_the_life/378.php HTTP/1.1" 200 5172 "-" "Mozilla/5.0 (compatible; Googlebot/2.1; +http://www.google.com/bot.html)"
66.249.71.9 - - [01/Jan/2009:02:15:18 -0600] "GET /filebin/pdf/ddwinter06.pdf HTTP/1.1" 304 - "-" "Mozilla/5.0 (compatible; Googlebot/2.1; +http://www.google.com/bot.html)"
66.249.71.8 - - [01/Jan/2009:02:50:27 -0600] "GET /pages/articles/226.php?id=88 HTTP/1.1" 200 3330 "-" "Mozilla/5.0 (compatible; Googlebot/2.1; +http://www.google.com/bot.html)"
74.6.17.183 - - [01/Jan/2009:02:59:50 -0600] "GET /robots.txt HTTP/1.0" 404 298 "-" "Mozilla/5.0 (compatible; Yahoo! Slurp; http://help.yahoo.com/help/us/ysearch/slurp)"
74.6.17.183 - - [01/Jan/2009:02:59:50 -0600] "GET /pages/people_profile__elisse_lorenc/432.php HTTP/1.0" 200 19255 "-" "Mozilla/5.0 (compatible; Yahoo! Slurp; http://help.yahoo.com/help/us/ysearch/slurp)"
66.249.71.7 - - [01/Jan/2009:03:13:49 -0600] "GET /pages/articles/226.php?id=30 HTTP/1.1" 200 3354 "-" "Mozilla/5.0 (compatible; Googlebot/2.1; +http://www.google.com/bot.html)"
74.6.17.183 - - [01/Jan/2009:03:15:13 -0600] "GET /pages/articles/226.php?id=140 HTTP/1.0" 200 13734 "-" "Mozilla/5.0 (compatible; Yahoo! Slurp; http://help.yahoo.com/help/us/ysearch/slurp)"
66.249.71.9 - - [01/Jan/2009:03:21:07 -0600] "GET /filebin/pdf/fall04.pdf HTTP/1.1" 304 - "-" "Mozilla/5.0 (compatible; Googlebot/2.1; +http://www.google.com/bot.html)"
74.6.17.183 - - [01/Jan/2009:03:28:26 -0600] "GET /pages/articles/226.php?id=83 HTTP/1.0" 200 13811 "-" "Mozilla/5.0 (compatible; Yahoo! Slurp; http://help.yahoo.com/help/us/ysearch/slurp)"
66.249.71.7 - - [01/Jan/2009:03:49:05 -0600] "GET /filebin/pdf/Andy%20Gates%20Lawsuit.pdf HTTP/1.1" 304 - "-" "Mozilla/5.0 (compatible; Googlebot/2.1; +http://www.google.com/bot.html)"
66.249.71.8 - - [01/Jan/2009:03:51:12 -0600] "GET /pages/what_form_of_dystonia_do_i_have_/27.php HTTP/1.1" 200 5375 "-" "Mozilla/5.0 (compatible; Googlebot/2.1; +http://www.google.com/bot.html)"
74.6.17.183 - - [01/Jan/2009:03:54:42 -0600] "GET /pages/make_a_matching_gift/288.php HTTP/1.0" 200 13244 "-" "Mozilla/5.0 (compatible; Yahoo! Slurp; http://help.yahoo.com/help/us/ysearch/slurp)"
66.249.71.8 - - [01/Jan/2009:04:07:11 -0600] "GET /filebin/pdf/focal%20dystonia.pdf HTTP/1.1" 304 - "-" "Mozilla/5.0 (compatible; Googlebot/2.1; +http://www.google.com/bot.html)"
66.249.71.9 - - [01/Jan/2009:04:33:15 -0600] "GET /pages/articles/226.php?id=13 HTTP/1.1" 200 3309 "-" "Mozilla/5.0 (compatible; Googlebot/2.1; +http://www.google.com/bot.html)"
66.249.71.8 - - [01/Jan/2009:04:33:35 -0600] "GET /filebin/pdf/Michael%20Sharp.pdf HTTP/1.1" 200 34633 "-" "Mozilla/5.0 (compatible; Googlebot/2.1; +http://www.google.com/bot.html)"
208.111.154.249 - - [01/Jan/2009:04:45:11 -0600] "GET /pages/articles_from_the_dystonia_dialogue/221.php?id=3 HTTP/1.1" 200 6762 "-" "Mozilla/5.0 (X11; U; Linux i686 (x86_64); en-US; rv:1.8.1.18) Gecko/20081203 Firefox/2.0.0.18"
208.111.154.249 - - [01/Jan/2009:04:45:11 -0600] "GET //filebin/images/favicon.ico HTTP/1.1" 200 824 "-" "Mozilla/5.0 (X11; U; Linux i686 (x86_64); en-US; rv:1.8.1.18) Gecko/20081203 Firefox/2.0.0.18"
208.111.154.249 - - [01/Jan/2009:04:45:11 -0600] "GET /filebin/js/swfobject.js HTTP/1.1" 200 5955 "http://dystonia.mighty-site.com/pages/articles_from_the_dystonia_dialogue/221.php?id=3" "Mozilla/5.0 (X11; U; Linux i686 (x86_64); en-US; rv:1.8.1.18) Gecko/20081203 Firefox/2.0.0.18"
208.111.154.249 - - [01/Jan/2009:04:45:11 -0600] "GET /filebin/js/js_rollover.js HTTP/1.1" 200 778 "http://dystonia.mighty-site.com/pages/articles_from_the_dystonia_dialogue/221.php?id=3" "Mozilla/5.0 (X11; U; Linux i686 (x86_64); en-US; rv:1.8.1.18) Gecko/20081203 Firefox/2.0.0.18"
208.111.154.249 - - [01/Jan/2009:04:45:11 -0600] "GET /filebin/js/sifr.js HTTP/1.1" 200 10480 "http://dystonia.mighty-site.com/pages/articles_from_the_dystonia_dialogue/221.php?id=3" "Mozilla/5.0 (X11; U; Linux i686 (x86_64); en-US; rv:1.8.1.18) Gecko/20081203 Firefox/2.0.0.18"
208.111.154.249 - - [01/Jan/2009:04:45:11 -0600] "GET /filebin/ajax/js/email_ajax.js HTTP/1.1" 200 13270 "http://dystonia.mighty-site.com/pages/articles_from_the_dystonia_dialogue/221.php?id=3" "Mozilla/5.0 (X11; U; Linux i686 (x86_64); en-US; rv:1.8.1.18) Gecko/20081203 Firefox/2.0.0.18"
208.111.154.249 - - [01/Jan/2009:04:45:11 -0600] "GET /filebin/js/prototype.js HTTP/1.1" 200 55149 "http://dystonia.mighty-site.com/pages/articles_from_the_dystonia_dialogue/221.php?id=3" "Mozilla/5.0 (X11; U; Linux i686 (x86_64); en-US; rv:1.8.1.18) Gecko/20081203 Firefox/2.0.0.18"
208.111.154.249 - - [01/Jan/2009:04:45:12 -0600] "GET /filebin/css/default.css HTTP/1.1" 200 1695 "http://dystonia.mighty-site.com/pages/articles_from_the_dystonia_dialogue/221.php?id=3" "Mozilla/5.0 (X11; U; Linux i686 (x86_64); en-US; rv:1.8.1.18) Gecko/20081203 Firefox/2.0.0.18"
208.111.154.249 - - [01/Jan/2009:04:45:12 -0600] "GET /filebin/css/sIFR.css HTTP/1.1" 200 384 "http://dystonia.mighty-site.com/pages/articles_from_the_dystonia_dialogue/221.php?id=3" "Mozilla/5.0 (X11; U; Linux i686 (x86_64); en-US; rv:1.8.1.18) Gecko/20081203 Firefox/2.0.0.18"
208.111.154.249 - - [01/Jan/2009:04:45:12 -0600] "GET /filebin/mightymenu/css/mighty_menu.php HTTP/1.1" 200 614 "http://dystonia.mighty-site.com/pages/articles_from_the_dystonia_dialogue/221.php?id=3" "Mozilla/5.0 (X11; U; Linux i686 (x86_64); en-US; rv:1.8.1.18) Gecko/20081203 Firefox/2.0.0.18"
208.111.154.249 - - [01/Jan/2009:04:45:12 -0600] "GET /filebin/css/print.css HTTP/1.1" 200 190 "http://dystonia.mighty-site.com/pages/articles_from_the_dystonia_dialogue/221.php?id=3" "Mozilla/5.0 (X11; U; Linux i686 (x86_64); en-US; rv:1.8.1.18) Gecko/20081203 Firefox/2.0.0.18"
208.111.154.249 - - [01/Jan/2009:04:45:12 -0600] "GET /filebin/mightymenu/script/mighty_menu.js HTTP/1.1" 200 2401 "http://dystonia.mighty-site.com/pages/articles_from_the_dystonia_dialogue/221.php?id=3" "Mozilla/5.0 (X11; U; Linux i686 (x86_64); en-US; rv:1.8.1.18) Gecko/20081203 Firefox/2.0.0.18"
208.111.154.249 - - [01/Jan/2009:04:45:12 -0600] "GET /filebin/images/canada_leaf.gif HTTP/1.1" 200 200 "http://dystonia.mighty-site.com/pages/articles_from_the_dystonia_dialogue/221.php?id=3" "Mozilla/5.0 (X11; U; Linux i686 (x86_64); en-US; rv:1.8.1.18) Gecko/20081203 Firefox/2.0.0.18"
208.111.154.249 - - [01/Jan/2009:04:45:12 -0600] "GET /filebin/images/dystonia.gif HTTP/1.1" 200 3663 "http://dystonia.mighty-site.com/pages/articles_from_the_dystonia_dialogue/221.php?id=3" "Mozilla/5.0 (X11; U; Linux i686 (x86_64); en-US; rv:1.8.1.18) Gecko/20081203 Firefox/2.0.0.18"
208.111.154.249 - - [01/Jan/2009:04:45:12 -0600] "GET //filebin/images/nav/off/dystonia_defined.gif HTTP/1.1" 200 568 "http://dystonia.mighty-site.com/pages/articles_from_the_dystonia_dialogue/221.php?id=3" "Mozilla/5.0 (X11; U; Linux i686 (x86_64); en-US; rv:1.8.1.18) Gecko/20081203 Firefox/2.0.0.18"
208.111.154.249 - - [01/Jan/2009:04:45:12 -0600] "GET /filebin/mightymenu/script/page_cookies.php?page_id=221 HTTP/1.1" 200 302 "http://dystonia.mighty-site.com/pages/articles_from_the_dystonia_dialogue/221.php?id=3" "Mozilla/5.0 (X11; U; Linux i686 (x86_64); en-US; rv:1.8.1.18) Gecko/20081203 Firefox/2.0.0.18"
208.111.154.249 - - [01/Jan/2009:04:45:12 -0600] "GET //filebin/images/nav/off/cure_dystonia_initiative.gif HTTP/1.1" 200 731 "http://dystonia.mighty-site.com/pages/articles_from_the_dystonia_dialogue/221.php?id=3" "Mozilla/5.0 (X11; U; Linux i686 (x86_64); en-US; rv:1.8.1.18) Gecko/20081203 Firefox/2.0.0.18"
208.111.154.249 - - [01/Jan/2009:04:45:12 -0600] "GET //filebin/images/nav/off/media.gif HTTP/1.1" 200 477 "http://dystonia.mighty-site.com/pages/articles_from_the_dystonia_dialogue/221.php?id=3" "Mozilla/5.0 (X11; U; Linux i686 (x86_64); en-US; rv:1.8.1.18) Gecko/20081203 Firefox/2.0.0.18"
208.111.154.249 - - [01/Jan/2009:04:45:12 -0600] "GET //filebin/images/nav/off/treatments.gif HTTP/1.1" 200 472 "http://dystonia.mighty-site.com/pages/articles_from_the_dystonia_dialogue/221.php?id=3" "Mozilla/5.0 (X11; U; Linux i686 (x86_64); en-US; rv:1.8.1.18) Gecko/20081203 Firefox/2.0.0.18"
208.111.154.249 - - [01/Jan/2009:04:45:12 -0600] "GET /filebin/js/replace_text.js HTTP/1.1" 200 188 "http://dystonia.mighty-site.com/pages/articles_from_the_dystonia_dialogue/221.php?id=3" "Mozilla/5.0 (X11; U; Linux i686 (x86_64); en-US; rv:1.8.1.18) Gecko/20081203 Firefox/2.0.0.18"
208.111.154.249 - - [01/Jan/2009:04:45:12 -0600] "GET //filebin/images/nav/off/calendar_of_events.gif HTTP/1.1" 200 647 "http://dystonia.mighty-site.com/pages/articles_from_the_dystonia_dialogue/221.php?id=3" "Mozilla/5.0 (X11; U; Linux i686 (x86_64); en-US; rv:1.8.1.18) Gecko/20081203 Firefox/2.0.0.18"
208.111.154.249 - - [01/Jan/2009:04:45:12 -0600] "GET //filebin/images/nav/off/about_the_foundation.gif HTTP/1.1" 200 684 "http://dystonia.mighty-site.com/pages/articles_from_the_dystonia_dialogue/221.php?id=3" "Mozilla/5.0 (X11; U; Linux i686 (x86_64); en-US; rv:1.8.1.18) Gecko/20081203 Firefox/2.0.0.18"
208.111.154.249 - - [01/Jan/2009:04:45:12 -0600] "GET /filebin/flash/meta_normal.swf HTTP/1.1" 200 9682 "http://dystonia.mighty-site.com/pages/articles_from_the_dystonia_dialogue/221.php?id=3" "Mozilla/5.0 (X11; U; Linux i686 (x86_64); en-US; rv:1.8.1.18) Gecko/20081203 Firefox/2.0.0.18"
208.111.154.249 - - [01/Jan/2009:04:45:12 -0600] "GET //filebin/images/nav/off/living_with_dystonia.gif HTTP/1.1" 200 400 "http://dystonia.mighty-site.com/pages/articles_from_the_dystonia_dialogue/221.php?id=3" "Mozilla/5.0 (X11; U; Linux i686 (x86_64); en-US; rv:1.8.1.18) Gecko/20081203 Firefox/2.0.0.18"
208.111.154.249 - - [01/Jan/2009:04:45:12 -0600] "GET //filebin/images/nav/off/order_brochures.gif HTTP/1.1" 200 848 "http://dystonia.mighty-site.com/pages/articles_from_the_dystonia_dialogue/221.php?id=3" "Mozilla/5.0 (X11; U; Linux i686 (x86_64); en-US; rv:1.8.1.18) Gecko/20081203 Firefox/2.0.0.18"
208.111.154.249 - - [01/Jan/2009:04:45:12 -0600] "GET /pages/articles_from_the_dystonia_dialogue/221.php?id=3 HTTP/1.1" 200 6762 "-" "Mozilla/5.0 (X11; U; Linux i686 (x86_64); en-US; rv:1.8.1.18) Gecko/20081203 Firefox/2.0.0.18"
208.111.154.249 - - [01/Jan/2009:04:45:13 -0600] "GET //filebin/images/nav/off/donate.gif HTTP/1.1" 200 383 "http://dystonia.mighty-site.com/pages/articles_from_the_dystonia_dialogue/221.php?id=3" "Mozilla/5.0 (X11; U; Linux i686 (x86_64); en-US; rv:1.8.1.18) Gecko/20081203 Firefox/2.0.0.18"
208.111.154.249 - - [01/Jan/2009:04:45:13 -0600] "GET //filebin/images/nav/off/research.gif HTTP/1.1" 200 421 "http://dystonia.mighty-site.com/pages/articles_from_the_dystonia_dialogue/221.php?id=3" "Mozilla/5.0 (X11; U; Linux i686 (x86_64); en-US; rv:1.8.1.18) Gecko/20081203 Firefox/2.0.0.18"
208.111.154.249 - - [01/Jan/2009:04:45:13 -0600] "GET //filebin/images/nav/off/advocacy.gif HTTP/1.1" 200 445 "http://dystonia.mighty-site.com/pages/articles_from_the_dystonia_dialogue/221.php?id=3" "Mozilla/5.0 (X11; U; Linux i686 (x86_64); en-US; rv:1.8.1.18) Gecko/20081203 Firefox/2.0.0.18"
208.111.154.249 - - [01/Jan/2009:04:45:13 -0600] "GET //filebin/images/nav/off/contact_us.gif HTTP/1.1" 200 470 "http://dystonia.mighty-site.com/pages/articles_from_the_dystonia_dialogue/221.php?id=3" "Mozilla/5.0 (X11; U; Linux i686 (x86_64); en-US; rv:1.8.1.18) Gecko/20081203 Firefox/2.0.0.18"
208.111.154.249 - - [01/Jan/2009:04:45:13 -0600] "GET //filebin/images/nav/off/how_you_can_help.gif HTTP/1.1" 200 565 "http://dystonia.mighty-site.com/pages/articles_from_the_dystonia_dialogue/221.php?id=3" "Mozilla/5.0 (X11; U; Linux i686 (x86_64); en-US; rv:1.8.1.18) Gecko/20081203 Firefox/2.0.0.18"
208.111.154.249 - - [01/Jan/2009:04:45:13 -0600] "GET //filebin/images/nav/off/news_and_resources.gif HTTP/1.1" 200 626 "http://dystonia.mighty-site.com/pages/articles_from_the_dystonia_dialogue/221.php?id=3" "Mozilla/5.0 (X11; U; Linux i686 (x86_64); en-US; rv:1.8.1.18) Gecko/20081203 Firefox/2.0.0.18"
208.111.154.249 - - [01/Jan/2009:04:45:13 -0600] "GET /filebin/images/go_btn.gif HTTP/1.1" 200 268 "http://dystonia.mighty-site.com/pages/articles_from_the_dystonia_dialogue/221.php?id=3" "Mozilla/5.0 (X11; U; Linux i686 (x86_64); en-US; rv:1.8.1.18) Gecko/20081203 Firefox/2.0.0.18"
208.111.154.249 - - [01/Jan/2009:04:45:13 -0600] "GET /filebin/images/email_btn.gif HTTP/1.1" 200 56 "http://dystonia.mighty-site.com/pages/articles_from_the_dystonia_dialogue/221.php?id=3" "Mozilla/5.0 (X11; U; Linux i686 (x86_64); en-US; rv:1.8.1.18) Gecko/20081203 Firefox/2.0.0.18"
208.111.154.249 - - [01/Jan/2009:04:45:13 -0600] "GET /filebin/images/print_btn.gif HTTP/1.1" 200 62 "http://dystonia.mighty-site.com/pages/articles_from_the_dystonia_dialogue/221.php?id=3" "Mozilla/5.0 (X11; U; Linux i686 (x86_64); en-US; rv:1.8.1.18) Gecko/20081203 Firefox/2.0.0.18"
208.111.154.249 - - [01/Jan/2009:04:45:13 -0600] "GET /filebin/images/search_corner.gif HTTP/1.1" 200 131 "http://dystonia.mighty-site.com/filebin/css/default.css" "Mozilla/5.0 (X11; U; Linux i686 (x86_64); en-US; rv:1.8.1.18) Gecko/20081203 Firefox/2.0.0.18"
208.111.154.249 - - [01/Jan/2009:04:45:13 -0600] "GET /filebin/images/section_arrow.gif HTTP/1.1" 200 316 "http://dystonia.mighty-site.com/filebin/css/default.css" "Mozilla/5.0 (X11; U; Linux i686 (x86_64); en-US; rv:1.8.1.18) Gecko/20081203 Firefox/2.0.0.18"
208.111.154.249 - - [01/Jan/2009:04:45:13 -0600] "GET /filebin/images/arrow.gif HTTP/1.1" 200 48 "http://dystonia.mighty-site.com/filebin/mightymenu/css/mighty_menu.php" "Mozilla/5.0 (X11; U; Linux i686 (x86_64); en-US; rv:1.8.1.18) Gecko/20081203 Firefox/2.0.0.18"
66.249.71.9 - - [01/Jan/2009:05:15:18 -0600] "GET /pages/preimplantation_genetic_diagnosis/96.php HTTP/1.1" 200 5148 "-" "Mozilla/5.0 (compatible; Googlebot/2.1; +http://www.google.com/bot.html)"
66.249.71.8 - - [01/Jan/2009:05:17:18 -0600] "GET /filebin/pdf/Decissue.pdf HTTP/1.1" 304 - "-" "Mozilla/5.0 (compatible; Googlebot/2.1; +http://www.google.com/bot.html)"
66.249.71.8 - - [01/Jan/2009:05:24:38 -0600] "GET /pages/brain_surgeries/147.php HTTP/1.1" 200 6192 "-" "Mozilla/5.0 (compatible; Googlebot/2.1; +http://www.google.com/bot.html)"
66.249.71.9 - - [01/Jan/2009:05:38:40 -0600] "GET /pages/blepharospasm/43.php HTTP/1.1" 200 5124 "-" "Mozilla/5.0 (compatible; Googlebot/2.1; +http://www.google.com/bot.html)"
66.249.71.9 - - [01/Jan/2009:06:11:23 -0600] "GET /pages/articles/226.php?id=89 HTTP/1.1" 200 3316 "-" "Mozilla/5.0 (compatible; Googlebot/2.1; +http://www.google.com/bot.html)"
74.6.17.183 - - [01/Jan/2009:06:33:17 -0600] "GET /filebin/pdf/DBS%20Resources.pdf HTTP/1.0" 200 83443 "-" "Mozilla/5.0 (compatible; Yahoo! Slurp; http://help.yahoo.com/help/us/ysearch/slurp)"
66.249.71.9 - - [01/Jan/2009:06:34:44 -0600] "GET /pages/articles/221.php?id=14 HTTP/1.1" 200 4311 "-" "Mozilla/5.0 (compatible; Googlebot/2.1; +http://www.google.com/bot.html)"
66.249.71.8 - - [01/Jan/2009:06:39:25 -0600] "GET /pages/off_broadway_production_features_dystonia_character/483.php HTTP/1.1" 200 4459 "-" "Mozilla/5.0 (compatible; Googlebot/2.1; +http://www.google.com/bot.html)"
38.99.44.103 - - [01/Jan/2009:06:44:57 -0600] "GET /robots.txt HTTP/1.0" 404 298 "-" "Mozilla/5.0 (Twiceler-0.9 http://www.cuil.com/twiceler/robot.html)"
66.249.71.7 - - [01/Jan/2009:06:53:26 -0600] "GET /pages/articles/226.php?id=97 HTTP/1.1" 200 3315 "-" "Mozilla/5.0 (compatible; Googlebot/2.1; +http://www.google.com/bot.html)"
66.249.71.8 - - [01/Jan/2009:06:58:06 -0600] "GET /pages/people_profile__elisse_lorenc/432.php HTTP/1.1" 200 5141 "-" "Mozilla/5.0 (compatible; Googlebot/2.1; +http://www.google.com/bot.html)"
66.249.71.9 - - [01/Jan/2009:07:07:41 -0600] "GET /pages/how_the_body_is_affected/30.php HTTP/1.1" 200 5423 "-" "Mozilla/5.0 (compatible; Googlebot/2.1; +http://www.google.com/bot.html)"
88.131.106.8 - - [01/Jan/2009:07:21:20 -0600] "GET /robots.txt HTTP/1.0" 404 298 "-" "Speedy Spider (http://www.entireweb.com/about/search_tech/speedy_spider/)"
66.249.71.7 - - [01/Jan/2009:07:31:39 -0600] "GET /pages/additional_disorders_and_conditions/35.php HTTP/1.1" 200 5830 "-" "Mozilla/5.0 (compatible; Googlebot/2.1; +http://www.google.com/bot.html)"
66.249.71.9 - - [01/Jan/2009:07:41:13 -0600] "GET /pages/become_a_legislative_advocate/157.php HTTP/1.1" 200 4302 "-" "Mozilla/5.0 (compatible; Googlebot/2.1; +http://www.google.com/bot.html)"
66.249.71.7 - - [01/Jan/2009:07:46:02 -0600] "GET /pages/becky_s_blog__already_taking_after_her_parents/462.php HTTP/1.1" 200 5443 "-" "Mozilla/5.0 (compatible; Googlebot/2.1; +http://www.google.com/bot.html)"
66.249.71.8 - - [01/Jan/2009:08:09:59 -0600] "GET /pages/more_info/78.php HTTP/1.1" 200 6043 "-" "Mozilla/5.0 (compatible; Googlebot/2.1; +http://www.google.com/bot.html)"
66.249.71.8 - - [01/Jan/2009:08:14:47 -0600] "GET /pages/medical___scientific_advisory_council/178.php HTTP/1.1" 200 4716 "-" "Mozilla/5.0 (compatible; Googlebot/2.1; +http://www.google.com/bot.html)"
74.6.17.183 - - [01/Jan/2009:08:56:17 -0600] "GET /filebin/pdf/DMRF%20Fact%20Sheet.pdf HTTP/1.0" 200 28666 "-" "Mozilla/5.0 (compatible; Yahoo! Slurp; http://help.yahoo.com/help/us/ysearch/slurp)"
208.111.154.248 - - [01/Jan/2009:09:34:40 -0600] "GET /pages/myoclonic_dystonia/92.php HTTP/1.1" 200 4962 "-" "Mozilla/5.0 (X11; U; Linux i686 (x86_64); en-US; rv:1.8.1.18) Gecko/20081203 Firefox/2.0.0.18"
208.111.154.248 - - [01/Jan/2009:09:34:40 -0600] "GET /filebin/js/swfobject.js HTTP/1.1" 200 5955 "http://dystonia.mighty-site.com/pages/myoclonic_dystonia/92.php" "Mozilla/5.0 (X11; U; Linux i686 (x86_64); en-US; rv:1.8.1.18) Gecko/20081203 Firefox/2.0.0.18"
208.111.154.248 - - [01/Jan/2009:09:34:40 -0600] "GET //filebin/images/favicon.ico HTTP/1.1" 200 824 "-" "Mozilla/5.0 (X11; U; Linux i686 (x86_64); en-US; rv:1.8.1.18) Gecko/20081203 Firefox/2.0.0.18"
208.111.154.248 - - [01/Jan/2009:09:34:40 -0600] "GET /filebin/js/js_rollover.js HTTP/1.1" 200 778 "http://dystonia.mighty-site.com/pages/myoclonic_dystonia/92.php" "Mozilla/5.0 (X11; U; Linux i686 (x86_64); en-US; rv:1.8.1.18) Gecko/20081203 Firefox/2.0.0.18"
208.111.154.248 - - [01/Jan/2009:09:34:40 -0600] "GET /filebin/js/sifr.js HTTP/1.1" 200 10480 "http://dystonia.mighty-site.com/pages/myoclonic_dystonia/92.php" "Mozilla/5.0 (X11; U; Linux i686 (x86_64); en-US; rv:1.8.1.18) Gecko/20081203 Firefox/2.0.0.18"
208.111.154.248 - - [01/Jan/2009:09:34:40 -0600] "GET /filebin/ajax/js/email_ajax.js HTTP/1.1" 200 13270 "http://dystonia.mighty-site.com/pages/myoclonic_dystonia/92.php" "Mozilla/5.0 (X11; U; Linux i686 (x86_64); en-US; rv:1.8.1.18) Gecko/20081203 Firefox/2.0.0.18"
208.111.154.248 - - [01/Jan/2009:09:34:41 -0600] "GET /filebin/js/prototype.js HTTP/1.1" 200 55149 "http://dystonia.mighty-site.com/pages/myoclonic_dystonia/92.php" "Mozilla/5.0 (X11; U; Linux i686 (x86_64); en-US; rv:1.8.1.18) Gecko/20081203 Firefox/2.0.0.18"
208.111.154.248 - - [01/Jan/2009:09:34:41 -0600] "GET /filebin/css/default.css HTTP/1.1" 200 1695 "http://dystonia.mighty-site.com/pages/myoclonic_dystonia/92.php" "Mozilla/5.0 (X11; U; Linux i686 (x86_64); en-US; rv:1.8.1.18) Gecko/20081203 Firefox/2.0.0.18"
208.111.154.248 - - [01/Jan/2009:09:34:41 -0600] "GET /filebin/css/sIFR.css HTTP/1.1" 200 384 "http://dystonia.mighty-site.com/pages/myoclonic_dystonia/92.php" "Mozilla/5.0 (X11; U; Linux i686 (x86_64); en-US; rv:1.8.1.18) Gecko/20081203 Firefox/2.0.0.18"
208.111.154.248 - - [01/Jan/2009:09:34:41 -0600] "GET /filebin/mightymenu/css/mighty_menu.php HTTP/1.1" 200 614 "http://dystonia.mighty-site.com/pages/myoclonic_dystonia/92.php" "Mozilla/5.0 (X11; U; Linux i686 (x86_64); en-US; rv:1.8.1.18) Gecko/20081203 Firefox/2.0.0.18"
208.111.154.248 - - [01/Jan/2009:09:34:41 -0600] "GET /filebin/css/print.css HTTP/1.1" 200 190 "http://dystonia.mighty-site.com/pages/myoclonic_dystonia/92.php" "Mozilla/5.0 (X11; U; Linux i686 (x86_64); en-US; rv:1.8.1.18) Gecko/20081203 Firefox/2.0.0.18"
208.111.154.248 - - [01/Jan/2009:09:34:41 -0600] "GET /filebin/mightymenu/script/mighty_menu.js HTTP/1.1" 200 2401 "http://dystonia.mighty-site.com/pages/myoclonic_dystonia/92.php" "Mozilla/5.0 (X11; U; Linux i686 (x86_64); en-US; rv:1.8.1.18) Gecko/20081203 Firefox/2.0.0.18"
208.111.154.248 - - [01/Jan/2009:09:34:41 -0600] "GET /filebin/images/canada_leaf.gif HTTP/1.1" 200 200 "http://dystonia.mighty-site.com/pages/myoclonic_dystonia/92.php" "Mozilla/5.0 (X11; U; Linux i686 (x86_64); en-US; rv:1.8.1.18) Gecko/20081203 Firefox/2.0.0.18"
208.111.154.248 - - [01/Jan/2009:09:34:41 -0600] "GET /filebin/images/dystonia.gif HTTP/1.1" 200 3663 "http://dystonia.mighty-site.com/pages/myoclonic_dystonia/92.php" "Mozilla/5.0 (X11; U; Linux i686 (x86_64); en-US; rv:1.8.1.18) Gecko/20081203 Firefox/2.0.0.18"
208.111.154.248 - - [01/Jan/2009:09:34:41 -0600] "GET //filebin/images/nav/off/dystonia_defined.gif HTTP/1.1" 200 568 "http://dystonia.mighty-site.com/pages/myoclonic_dystonia/92.php" "Mozilla/5.0 (X11; U; Linux i686 (x86_64); en-US; rv:1.8.1.18) Gecko/20081203 Firefox/2.0.0.18"
208.111.154.248 - - [01/Jan/2009:09:34:41 -0600] "GET /filebin/mightymenu/script/page_cookies.php?page_id=92 HTTP/1.1" 200 302 "http://dystonia.mighty-site.com/pages/myoclonic_dystonia/92.php" "Mozilla/5.0 (X11; U; Linux i686 (x86_64); en-US; rv:1.8.1.18) Gecko/20081203 Firefox/2.0.0.18"
208.111.154.248 - - [01/Jan/2009:09:34:41 -0600] "GET //filebin/images/nav/off/cure_dystonia_initiative.gif HTTP/1.1" 200 731 "http://dystonia.mighty-site.com/pages/myoclonic_dystonia/92.php" "Mozilla/5.0 (X11; U; Linux i686 (x86_64); en-US; rv:1.8.1.18) Gecko/20081203 Firefox/2.0.0.18"
208.111.154.248 - - [01/Jan/2009:09:34:41 -0600] "GET //filebin/images/nav/off/media.gif HTTP/1.1" 200 477 "http://dystonia.mighty-site.com/pages/myoclonic_dystonia/92.php" "Mozilla/5.0 (X11; U; Linux i686 (x86_64); en-US; rv:1.8.1.18) Gecko/20081203 Firefox/2.0.0.18"
208.111.154.248 - - [01/Jan/2009:09:34:41 -0600] "GET /filebin/js/replace_text.js HTTP/1.1" 200 188 "http://dystonia.mighty-site.com/pages/myoclonic_dystonia/92.php" "Mozilla/5.0 (X11; U; Linux i686 (x86_64); en-US; rv:1.8.1.18) Gecko/20081203 Firefox/2.0.0.18"
208.111.154.248 - - [01/Jan/2009:09:34:41 -0600] "GET //filebin/images/nav/off/treatments.gif HTTP/1.1" 200 472 "http://dystonia.mighty-site.com/pages/myoclonic_dystonia/92.php" "Mozilla/5.0 (X11; U; Linux i686 (x86_64); en-US; rv:1.8.1.18) Gecko/20081203 Firefox/2.0.0.18"
208.111.154.248 - - [01/Jan/2009:09:34:41 -0600] "GET //filebin/images/nav/off/calendar_of_events.gif HTTP/1.1" 200 647 "http://dystonia.mighty-site.com/pages/myoclonic_dystonia/92.php" "Mozilla/5.0 (X11; U; Linux i686 (x86_64); en-US; rv:1.8.1.18) Gecko/20081203 Firefox/2.0.0.18"
208.111.154.248 - - [01/Jan/2009:09:34:41 -0600] "GET /filebin/flash/meta_normal.swf HTTP/1.1" 200 9682 "http://dystonia.mighty-site.com/pages/myoclonic_dystonia/92.php" "Mozilla/5.0 (X11; U; Linux i686 (x86_64); en-US; rv:1.8.1.18) Gecko/20081203 Firefox/2.0.0.18"
208.111.154.248 - - [01/Jan/2009:09:34:41 -0600] "GET //filebin/images/nav/off/about_the_foundation.gif HTTP/1.1" 200 684 "http://dystonia.mighty-site.com/pages/myoclonic_dystonia/92.php" "Mozilla/5.0 (X11; U; Linux i686 (x86_64); en-US; rv:1.8.1.18) Gecko/20081203 Firefox/2.0.0.18"
208.111.154.248 - - [01/Jan/2009:09:34:42 -0600] "GET /pages/myoclonic_dystonia/92.php HTTP/1.1" 200 4962 "-" "Mozilla/5.0 (X11; U; Linux i686 (x86_64); en-US; rv:1.8.1.18) Gecko/20081203 Firefox/2.0.0.18"
208.111.154.248 - - [01/Jan/2009:09:34:42 -0600] "GET //filebin/images/nav/off/living_with_dystonia.gif HTTP/1.1" 200 400 "http://dystonia.mighty-site.com/pages/myoclonic_dystonia/92.php" "Mozilla/5.0 (X11; U; Linux i686 (x86_64); en-US; rv:1.8.1.18) Gecko/20081203 Firefox/2.0.0.18"
208.111.154.248 - - [01/Jan/2009:09:34:42 -0600] "GET //filebin/images/nav/off/order_brochures.gif HTTP/1.1" 200 848 "http://dystonia.mighty-site.com/pages/myoclonic_dystonia/92.php" "Mozilla/5.0 (X11; U; Linux i686 (x86_64); en-US; rv:1.8.1.18) Gecko/20081203 Firefox/2.0.0.18"
208.111.154.248 - - [01/Jan/2009:09:34:42 -0600] "GET //filebin/images/nav/off/donate.gif HTTP/1.1" 200 383 "http://dystonia.mighty-site.com/pages/myoclonic_dystonia/92.php" "Mozilla/5.0 (X11; U; Linux i686 (x86_64); en-US; rv:1.8.1.18) Gecko/20081203 Firefox/2.0.0.18"
208.111.154.248 - - [01/Jan/2009:09:34:42 -0600] "GET //filebin/images/nav/off/research.gif HTTP/1.1" 200 421 "http://dystonia.mighty-site.com/pages/myoclonic_dystonia/92.php" "Mozilla/5.0 (X11; U; Linux i686 (x86_64); en-US; rv:1.8.1.18) Gecko/20081203 Firefox/2.0.0.18"
208.111.154.248 - - [01/Jan/2009:09:34:42 -0600] "GET //filebin/images/nav/off/advocacy.gif HTTP/1.1" 200 445 "http://dystonia.mighty-site.com/pages/myoclonic_dystonia/92.php" "Mozilla/5.0 (X11; U; Linux i686 (x86_64); en-US; rv:1.8.1.18) Gecko/20081203 Firefox/2.0.0.18"
208.111.154.248 - - [01/Jan/2009:09:34:42 -0600] "GET //filebin/images/nav/off/contact_us.gif HTTP/1.1" 200 470 "http://dystonia.mighty-site.com/pages/myoclonic_dystonia/92.php" "Mozilla/5.0 (X11; U; Linux i686 (x86_64); en-US; rv:1.8.1.18) Gecko/20081203 Firefox/2.0.0.18"
208.111.154.248 - - [01/Jan/2009:09:34:42 -0600] "GET //filebin/images/nav/off/how_you_can_help.gif HTTP/1.1" 200 565 "http://dystonia.mighty-site.com/pages/myoclonic_dystonia/92.php" "Mozilla/5.0 (X11; U; Linux i686 (x86_64); en-US; rv:1.8.1.18) Gecko/20081203 Firefox/2.0.0.18"
208.111.154.248 - - [01/Jan/2009:09:34:42 -0600] "GET //filebin/images/nav/off/news_and_resources.gif HTTP/1.1" 200 626 "http://dystonia.mighty-site.com/pages/myoclonic_dystonia/92.php" "Mozilla/5.0 (X11; U; Linux i686 (x86_64); en-US; rv:1.8.1.18) Gecko/20081203 Firefox/2.0.0.18"
208.111.154.248 - - [01/Jan/2009:09:34:42 -0600] "GET /filebin/images/go_btn.gif HTTP/1.1" 200 268 "http://dystonia.mighty-site.com/pages/myoclonic_dystonia/92.php" "Mozilla/5.0 (X11; U; Linux i686 (x86_64); en-US; rv:1.8.1.18) Gecko/20081203 Firefox/2.0.0.18"
208.111.154.248 - - [01/Jan/2009:09:34:42 -0600] "GET /filebin/images/email_btn.gif HTTP/1.1" 200 56 "http://dystonia.mighty-site.com/pages/myoclonic_dystonia/92.php" "Mozilla/5.0 (X11; U; Linux i686 (x86_64); en-US; rv:1.8.1.18) Gecko/20081203 Firefox/2.0.0.18"
208.111.154.248 - - [01/Jan/2009:09:34:42 -0600] "GET /filebin/images/print_btn.gif HTTP/1.1" 200 62 "http://dystonia.mighty-site.com/pages/myoclonic_dystonia/92.php" "Mozilla/5.0 (X11; U; Linux i686 (x86_64); en-US; rv:1.8.1.18) Gecko/20081203 Firefox/2.0.0.18"
208.111.154.248 - - [01/Jan/2009:09:34:42 -0600] "GET /filebin/images/search_corner.gif HTTP/1.1" 200 131 "http://dystonia.mighty-site.com/filebin/css/default.css" "Mozilla/5.0 (X11; U; Linux i686 (x86_64); en-US; rv:1.8.1.18) Gecko/20081203 Firefox/2.0.0.18"
208.111.154.248 - - [01/Jan/2009:09:34:42 -0600] "GET /filebin/images/section_arrow.gif HTTP/1.1" 200 316 "http://dystonia.mighty-site.com/filebin/css/default.css" "Mozilla/5.0 (X11; U; Linux i686 (x86_64); en-US; rv:1.8.1.18) Gecko/20081203 Firefox/2.0.0.18"
208.111.154.248 - - [01/Jan/2009:09:34:42 -0600] "GET /filebin/images/arrow.gif HTTP/1.1" 200 48 "http://dystonia.mighty-site.com/filebin/mightymenu/css/mighty_menu.php" "Mozilla/5.0 (X11; U; Linux i686 (x86_64); en-US; rv:1.8.1.18) Gecko/20081203 Firefox/2.0.0.18"
72.30.65.57 - - [01/Jan/2009:09:52:59 -0600] "GET /robots.txt HTTP/1.0" 404 298 "-" "Mozilla/5.0 (compatible; Yahoo! Slurp; http://help.yahoo.com/help/us/ysearch/slurp)"
72.30.65.57 - - [01/Jan/2009:09:53:06 -0600] "GET /pages/related___differential_disorders/95.php HTTP/1.0" 200 35098 "-" "Mozilla/5.0 (compatible; Yahoo! Slurp; http://help.yahoo.com/help/us/ysearch/slurp)"
67.195.37.187 - - [01/Jan/2009:13:08:17 -0600] "GET /robots.txt HTTP/1.0" 404 298 "-" "Mozilla/5.0 (compatible; Yahoo! Slurp; http://help.yahoo.com/help/us/ysearch/slurp)"
67.195.37.187 - - [01/Jan/2009:13:08:23 -0600] "GET / HTTP/1.0" 200 19601 "-" "Mozilla/5.0 (compatible; Yahoo! Slurp; http://help.yahoo.com/help/us/ysearch/slurp)"
72.30.65.57 - - [01/Jan/2009:13:44:52 -0600] "GET /pages/articles/226.php?id=133 HTTP/1.0" 200 13806 "-" "Mozilla/5.0 (compatible; Yahoo! Slurp; http://help.yahoo.com/help/us/ysearch/slurp)"
88.131.106.8 - - [01/Jan/2009:14:31:27 -0600] "GET /robots.txt HTTP/1.0" 404 298 "-" "Speedy Spider (http://www.entireweb.com/about/search_tech/speedy_spider/)"
88.131.106.8 - - [01/Jan/2009:14:31:27 -0600] "GET /filebin/pdf/NN%20May%202007.pdf HTTP/1.0" 404 315 "-" "Speedy Spider (http://www.entireweb.com/about/search_tech/speedy_spider/)"
208.111.154.16 - - [01/Jan/2009:15:08:43 -0600] "GET / HTTP/1.1" 200 4563 "-" "Mozilla/5.0 (compatible; Charlotte/1.1; http://www.searchme.com/support/)"
66.249.71.8 - - [01/Jan/2009:18:02:39 -0600] "GET /robots.txt HTTP/1.1" 404 310 "-" "Mozilla/5.0 (compatible; Googlebot/2.1; +http://www.google.com/bot.html)"
66.249.71.8 - - [01/Jan/2009:18:02:39 -0600] "GET /pages/voice_speech_therapy/120.php HTTP/1.1" 200 4864 "-" "Mozilla/5.0 (compatible; Googlebot/2.1; +http://www.google.com/bot.html)"
66.249.71.7 - - [01/Jan/2009:19:08:23 -0600] "GET /pages/advocacy/filebin/ajax/js/email_ajax.js HTTP/1.1" 200 4563 "-" "Mozilla/5.0 (compatible; Googlebot/2.1; +http://www.google.com/bot.html)"
66.249.71.7 - - [01/Jan/2009:19:08:23 -0600] "GET /pages/advocacy/filebin/js/sifr.js HTTP/1.1" 200 4563 "-" "Mozilla/5.0 (compatible; Googlebot/2.1; +http://www.google.com/bot.html)"
66.249.71.7 - - [01/Jan/2009:19:08:24 -0600] "GET /pages/advocacy/filebin/js/prototype.js HTTP/1.1" 200 4563 "-" "Mozilla/5.0 (compatible; Googlebot/2.1; +http://www.google.com/bot.html)"
66.249.71.7 - - [01/Jan/2009:19:08:25 -0600] "GET /pages/calendar_of_events/filebin/js/sifr.js HTTP/1.1" 200 4563 "-" "Mozilla/5.0 (compatible; Googlebot/2.1; +http://www.google.com/bot.html)"
66.249.71.7 - - [01/Jan/2009:19:08:25 -0600] "GET /pages/how_you_can_help/filebin/ajax/js/email_ajax.js HTTP/1.1" 200 4563 "-" "Mozilla/5.0 (compatible; Googlebot/2.1; +http://www.google.com/bot.html)"
66.249.71.8 - - [01/Jan/2009:19:18:21 -0600] "GET / HTTP/1.1" 200 4563 "-" "Mozilla/5.0 (compatible; Googlebot/2.1; +http://www.google.com/bot.html)"
66.249.71.7 - - [01/Jan/2009:19:42:58 -0600] "GET /pages/calendar_of_events/filebin/js/prototype.js HTTP/1.1" 200 4563 "-" "Mozilla/5.0 (compatible; Googlebot/2.1; +http://www.google.com/bot.html)"
66.249.71.8 - - [01/Jan/2009:20:11:14 -0600] "GET /pages/cure_dystonia_initiative/3.php HTTP/1.1" 200 4087 "-" "Mozilla/5.0 (compatible; Googlebot/2.1; +http://www.google.com/bot.html)"
66.249.71.7 - - [01/Jan/2009:21:09:14 -0600] "GET /pages/dmrf_canada/18.php HTTP/1.1" 200 3435 "-" "Mozilla/5.0 (compatible; Googlebot/2.1; +http://www.google.com/bot.html)"
208.80.194.53 - - [01/Jan/2009:21:31:57 -0600] "GET / HTTP/1.0" 200 19601 "-" "Mozilla/4.0 (compatible; MSIE 6.0; Windows NT 5.1; SV1; ITS-Ver1; FunWebProducts; .NET CLR 1.1.4322; ZangoToolbar 4.8.2; HbTools 4.8.4)"
72.30.65.57 - - [01/Jan/2009:22:17:41 -0600] "GET /robots.txt HTTP/1.0" 404 298 "-" "Mozilla/5.0 (compatible; Yahoo! Slurp; http://help.yahoo.com/help/us/ysearch/slurp)"
72.30.65.57 - - [01/Jan/2009:22:17:43 -0600] "GET /pages/pat_brogan_cont_d/302.php HTTP/1.0" 200 15773 "-" "Mozilla/5.0 (compatible; Yahoo! Slurp; http://help.yahoo.com/help/us/ysearch/slurp)"
65.55.208.131 - - [01/Jan/2009:22:25:38 -0600] "GET /robots.txt HTTP/1.1" 404 310 "-" "msnbot/1.1 (+http://search.msn.com/msnbot.htm)"
65.55.208.131 - - [01/Jan/2009:22:25:39 -0600] "GET /pages/sitemap/21.php HTTP/1.1" 200 7339 "-" "msnbot/1.1 (+http://search.msn.com/msnbot.htm)"
66.249.71.7 - - [01/Jan/2009:22:54:45 -0600] "GET /pages/anne_blood_phd_receives_ninds_award/385.php HTTP/1.1" 200 4580 "-" "Mozilla/5.0 (compatible; Googlebot/2.1; +http://www.google.com/bot.html)"
66.249.71.8 - - [01/Jan/2009:23:21:34 -0600] "GET /pages/people_profile__emily_blum/430.php HTTP/1.1" 200 4557 "-" "Mozilla/5.0 (compatible; Googlebot/2.1; +http://www.google.com/bot.html)"
66.249.71.8 - - [01/Jan/2009:23:46:41 -0600] "GET /pages/complementary_therapy/156.php HTTP/1.1" 200 5202 "-" "Mozilla/5.0 (compatible; Googlebot/2.1; +http://www.google.com/bot.html)"
72.30.65.57 - - [02/Jan/2009:00:14:46 -0600] "GET /pages/enewsletter/492.php HTTP/1.0" 200 12489 "-" "Mozilla/5.0 (compatible; Yahoo! Slurp; http://help.yahoo.com/help/us/ysearch/slurp)"
72.30.65.57 - - [02/Jan/2009:00:29:58 -0600] "GET /pages/amy_s_blog__good_news/436.php HTTP/1.0" 200 22304 "-" "Mozilla/5.0 (compatible; Yahoo! Slurp; http://help.yahoo.com/help/us/ysearch/slurp)"
66.249.71.8 - - [02/Jan/2009:00:36:02 -0600] "GET /pages/musicians__dystonias/55.php HTTP/1.1" 200 5398 "-" "Mozilla/5.0 (compatible; Googlebot/2.1; +http://www.google.com/bot.html)"
66.249.71.9 - - [02/Jan/2009:00:57:38 -0600] "GET /filebin/pdf/whatisdystonia%20web.pdf HTTP/1.1" 304 - "-" "Mozilla/5.0 (compatible; Googlebot/2.1; +http://www.google.com/bot.html)"
65.55.208.134 - - [02/Jan/2009:01:13:59 -0600] "GET /robots.txt HTTP/1.1" 404 310 "-" "msnbot/1.1 (+http://search.msn.com/msnbot.htm)"
65.55.208.134 - - [02/Jan/2009:01:14:00 -0600] "GET /pages/make_a_matching_gift/288.php HTTP/1.1" 200 3260 "-" "msnbot/1.1 (+http://search.msn.com/msnbot.htm)"
66.249.71.8 - - [02/Jan/2009:02:08:33 -0600] "GET /filebin/pdf/REV%20Advocacy%20Contact%20Form.pdf HTTP/1.1" 304 - "-" "Mozilla/5.0 (compatible; Googlebot/2.1; +http://www.google.com/bot.html)"
208.111.154.249 - - [02/Jan/2009:02:14:39 -0600] "GET /pages/awareness_materials/276.php HTTP/1.1" 200 3266 "-" "Mozilla/5.0 (X11; U; Linux i686 (x86_64); en-US; rv:1.8.1.18) Gecko/20081203 Firefox/2.0.0.18"
208.111.154.249 - - [02/Jan/2009:02:14:39 -0600] "GET //filebin/images/favicon.ico HTTP/1.1" 200 824 "-" "Mozilla/5.0 (X11; U; Linux i686 (x86_64); en-US; rv:1.8.1.18) Gecko/20081203 Firefox/2.0.0.18"
208.111.154.249 - - [02/Jan/2009:02:14:39 -0600] "GET /filebin/js/swfobject.js HTTP/1.1" 200 5955 "http://dystonia.mighty-site.com/pages/awareness_materials/276.php" "Mozilla/5.0 (X11; U; Linux i686 (x86_64); en-US; rv:1.8.1.18) Gecko/20081203 Firefox/2.0.0.18"
208.111.154.249 - - [02/Jan/2009:02:14:40 -0600] "GET /filebin/js/js_rollover.js HTTP/1.1" 200 778 "http://dystonia.mighty-site.com/pages/awareness_materials/276.php" "Mozilla/5.0 (X11; U; Linux i686 (x86_64); en-US; rv:1.8.1.18) Gecko/20081203 Firefox/2.0.0.18"
208.111.154.249 - - [02/Jan/2009:02:14:40 -0600] "GET /filebin/js/sifr.js HTTP/1.1" 200 10480 "http://dystonia.mighty-site.com/pages/awareness_materials/276.php" "Mozilla/5.0 (X11; U; Linux i686 (x86_64); en-US; rv:1.8.1.18) Gecko/20081203 Firefox/2.0.0.18"
208.111.154.249 - - [02/Jan/2009:02:14:40 -0600] "GET /filebin/ajax/js/email_ajax.js HTTP/1.1" 200 13270 "http://dystonia.mighty-site.com/pages/awareness_materials/276.php" "Mozilla/5.0 (X11; U; Linux i686 (x86_64); en-US; rv:1.8.1.18) Gecko/20081203 Firefox/2.0.0.18"
208.111.154.249 - - [02/Jan/2009:02:14:40 -0600] "GET /filebin/js/prototype.js HTTP/1.1" 200 55149 "http://dystonia.mighty-site.com/pages/awareness_materials/276.php" "Mozilla/5.0 (X11; U; Linux i686 (x86_64); en-US; rv:1.8.1.18) Gecko/20081203 Firefox/2.0.0.18"
208.111.154.249 - - [02/Jan/2009:02:14:40 -0600] "GET /filebin/css/default.css HTTP/1.1" 200 1695 "http://dystonia.mighty-site.com/pages/awareness_materials/276.php" "Mozilla/5.0 (X11; U; Linux i686 (x86_64); en-US; rv:1.8.1.18) Gecko/20081203 Firefox/2.0.0.18"
208.111.154.249 - - [02/Jan/2009:02:14:40 -0600] "GET /filebin/css/sIFR.css HTTP/1.1" 200 384 "http://dystonia.mighty-site.com/pages/awareness_materials/276.php" "Mozilla/5.0 (X11; U; Linux i686 (x86_64); en-US; rv:1.8.1.18) Gecko/20081203 Firefox/2.0.0.18"
208.111.154.249 - - [02/Jan/2009:02:14:40 -0600] "GET /filebin/mightymenu/css/mighty_menu.php HTTP/1.1" 200 614 "http://dystonia.mighty-site.com/pages/awareness_materials/276.php" "Mozilla/5.0 (X11; U; Linux i686 (x86_64); en-US; rv:1.8.1.18) Gecko/20081203 Firefox/2.0.0.18"
208.111.154.249 - - [02/Jan/2009:02:14:41 -0600] "GET /filebin/css/print.css HTTP/1.1" 200 190 "http://dystonia.mighty-site.com/pages/awareness_materials/276.php" "Mozilla/5.0 (X11; U; Linux i686 (x86_64); en-US; rv:1.8.1.18) Gecko/20081203 Firefox/2.0.0.18"
208.111.154.249 - - [02/Jan/2009:02:14:41 -0600] "GET /filebin/mightymenu/script/mighty_menu.js HTTP/1.1" 200 2401 "http://dystonia.mighty-site.com/pages/awareness_materials/276.php" "Mozilla/5.0 (X11; U; Linux i686 (x86_64); en-US; rv:1.8.1.18) Gecko/20081203 Firefox/2.0.0.18"
208.111.154.249 - - [02/Jan/2009:02:14:41 -0600] "GET /filebin/images/canada_leaf.gif HTTP/1.1" 200 200 "http://dystonia.mighty-site.com/pages/awareness_materials/276.php" "Mozilla/5.0 (X11; U; Linux i686 (x86_64); en-US; rv:1.8.1.18) Gecko/20081203 Firefox/2.0.0.18"
208.111.154.249 - - [02/Jan/2009:02:14:41 -0600] "GET /filebin/images/dystonia.gif HTTP/1.1" 200 3663 "http://dystonia.mighty-site.com/pages/awareness_materials/276.php" "Mozilla/5.0 (X11; U; Linux i686 (x86_64); en-US; rv:1.8.1.18) Gecko/20081203 Firefox/2.0.0.18"
208.111.154.249 - - [02/Jan/2009:02:14:41 -0600] "GET //filebin/images/nav/off/dystonia_defined.gif HTTP/1.1" 200 568 "http://dystonia.mighty-site.com/pages/awareness_materials/276.php" "Mozilla/5.0 (X11; U; Linux i686 (x86_64); en-US; rv:1.8.1.18) Gecko/20081203 Firefox/2.0.0.18"
208.111.154.249 - - [02/Jan/2009:02:14:41 -0600] "GET /filebin/mightymenu/script/page_cookies.php?page_id=276 HTTP/1.1" 200 304 "http://dystonia.mighty-site.com/pages/awareness_materials/276.php" "Mozilla/5.0 (X11; U; Linux i686 (x86_64); en-US; rv:1.8.1.18) Gecko/20081203 Firefox/2.0.0.18"
208.111.154.249 - - [02/Jan/2009:02:14:41 -0600] "GET //filebin/images/nav/off/cure_dystonia_initiative.gif HTTP/1.1" 200 731 "http://dystonia.mighty-site.com/pages/awareness_materials/276.php" "Mozilla/5.0 (X11; U; Linux i686 (x86_64); en-US; rv:1.8.1.18) Gecko/20081203 Firefox/2.0.0.18"
208.111.154.249 - - [02/Jan/2009:02:14:41 -0600] "GET //filebin/images/nav/off/media.gif HTTP/1.1" 200 477 "http://dystonia.mighty-site.com/pages/awareness_materials/276.php" "Mozilla/5.0 (X11; U; Linux i686 (x86_64); en-US; rv:1.8.1.18) Gecko/20081203 Firefox/2.0.0.18"
208.111.154.249 - - [02/Jan/2009:02:14:41 -0600] "GET //filebin/images/nav/off/treatments.gif HTTP/1.1" 200 472 "http://dystonia.mighty-site.com/pages/awareness_materials/276.php" "Mozilla/5.0 (X11; U; Linux i686 (x86_64); en-US; rv:1.8.1.18) Gecko/20081203 Firefox/2.0.0.18"
208.111.154.249 - - [02/Jan/2009:02:14:41 -0600] "GET /filebin/js/replace_text.js HTTP/1.1" 200 188 "http://dystonia.mighty-site.com/pages/awareness_materials/276.php" "Mozilla/5.0 (X11; U; Linux i686 (x86_64); en-US; rv:1.8.1.18) Gecko/20081203 Firefox/2.0.0.18"
208.111.154.249 - - [02/Jan/2009:02:14:41 -0600] "GET //filebin/images/nav/off/calendar_of_events.gif HTTP/1.1" 200 647 "http://dystonia.mighty-site.com/pages/awareness_materials/276.php" "Mozilla/5.0 (X11; U; Linux i686 (x86_64); en-US; rv:1.8.1.18) Gecko/20081203 Firefox/2.0.0.18"
208.111.154.249 - - [02/Jan/2009:02:14:41 -0600] "GET //filebin/images/nav/off/about_the_foundation.gif HTTP/1.1" 200 684 "http://dystonia.mighty-site.com/pages/awareness_materials/276.php" "Mozilla/5.0 (X11; U; Linux i686 (x86_64); en-US; rv:1.8.1.18) Gecko/20081203 Firefox/2.0.0.18"
208.111.154.249 - - [02/Jan/2009:02:14:41 -0600] "GET /filebin/flash/meta_normal.swf HTTP/1.1" 200 9682 "http://dystonia.mighty-site.com/pages/awareness_materials/276.php" "Mozilla/5.0 (X11; U; Linux i686 (x86_64); en-US; rv:1.8.1.18) Gecko/20081203 Firefox/2.0.0.18"
208.111.154.249 - - [02/Jan/2009:02:14:41 -0600] "GET //filebin/images/nav/off/living_with_dystonia.gif HTTP/1.1" 200 400 "http://dystonia.mighty-site.com/pages/awareness_materials/276.php" "Mozilla/5.0 (X11; U; Linux i686 (x86_64); en-US; rv:1.8.1.18) Gecko/20081203 Firefox/2.0.0.18"
208.111.154.249 - - [02/Jan/2009:02:14:41 -0600] "GET //filebin/images/nav/on/order_brochures.gif HTTP/1.1" 200 848 "http://dystonia.mighty-site.com/pages/awareness_materials/276.php" "Mozilla/5.0 (X11; U; Linux i686 (x86_64); en-US; rv:1.8.1.18) Gecko/20081203 Firefox/2.0.0.18"
208.111.154.249 - - [02/Jan/2009:02:14:41 -0600] "GET /pages/awareness_materials/276.php HTTP/1.1" 200 3266 "-" "Mozilla/5.0 (X11; U; Linux i686 (x86_64); en-US; rv:1.8.1.18) Gecko/20081203 Firefox/2.0.0.18"
208.111.154.249 - - [02/Jan/2009:02:14:41 -0600] "GET //filebin/images/nav/off/donate.gif HTTP/1.1" 200 383 "http://dystonia.mighty-site.com/pages/awareness_materials/276.php" "Mozilla/5.0 (X11; U; Linux i686 (x86_64); en-US; rv:1.8.1.18) Gecko/20081203 Firefox/2.0.0.18"
208.111.154.249 - - [02/Jan/2009:02:14:41 -0600] "GET //filebin/images/nav/off/research.gif HTTP/1.1" 200 421 "http://dystonia.mighty-site.com/pages/awareness_materials/276.php" "Mozilla/5.0 (X11; U; Linux i686 (x86_64); en-US; rv:1.8.1.18) Gecko/20081203 Firefox/2.0.0.18"
208.111.154.249 - - [02/Jan/2009:02:14:41 -0600] "GET //filebin/images/nav/off/advocacy.gif HTTP/1.1" 200 445 "http://dystonia.mighty-site.com/pages/awareness_materials/276.php" "Mozilla/5.0 (X11; U; Linux i686 (x86_64); en-US; rv:1.8.1.18) Gecko/20081203 Firefox/2.0.0.18"
208.111.154.249 - - [02/Jan/2009:02:14:42 -0600] "GET //filebin/images/nav/off/contact_us.gif HTTP/1.1" 200 470 "http://dystonia.mighty-site.com/pages/awareness_materials/276.php" "Mozilla/5.0 (X11; U; Linux i686 (x86_64); en-US; rv:1.8.1.18) Gecko/20081203 Firefox/2.0.0.18"
208.111.154.249 - - [02/Jan/2009:02:14:42 -0600] "GET //filebin/images/nav/off/how_you_can_help.gif HTTP/1.1" 200 565 "http://dystonia.mighty-site.com/pages/awareness_materials/276.php" "Mozilla/5.0 (X11; U; Linux i686 (x86_64); en-US; rv:1.8.1.18) Gecko/20081203 Firefox/2.0.0.18"
208.111.154.249 - - [02/Jan/2009:02:14:42 -0600] "GET //filebin/images/nav/off/news_and_resources.gif HTTP/1.1" 200 626 "http://dystonia.mighty-site.com/pages/awareness_materials/276.php" "Mozilla/5.0 (X11; U; Linux i686 (x86_64); en-US; rv:1.8.1.18) Gecko/20081203 Firefox/2.0.0.18"
208.111.154.249 - - [02/Jan/2009:02:14:42 -0600] "GET /filebin/images/go_btn.gif HTTP/1.1" 200 268 "http://dystonia.mighty-site.com/pages/awareness_materials/276.php" "Mozilla/5.0 (X11; U; Linux i686 (x86_64); en-US; rv:1.8.1.18) Gecko/20081203 Firefox/2.0.0.18"
208.111.154.249 - - [02/Jan/2009:02:14:42 -0600] "GET /filebin/images/email_btn.gif HTTP/1.1" 200 56 "http://dystonia.mighty-site.com/pages/awareness_materials/276.php" "Mozilla/5.0 (X11; U; Linux i686 (x86_64); en-US; rv:1.8.1.18) Gecko/20081203 Firefox/2.0.0.18"
208.111.154.249 - - [02/Jan/2009:02:14:42 -0600] "GET /filebin/images/print_btn.gif HTTP/1.1" 200 62 "http://dystonia.mighty-site.com/pages/awareness_materials/276.php" "Mozilla/5.0 (X11; U; Linux i686 (x86_64); en-US; rv:1.8.1.18) Gecko/20081203 Firefox/2.0.0.18"
208.111.154.249 - - [02/Jan/2009:02:14:42 -0600] "GET /filebin/images/search_corner.gif HTTP/1.1" 200 131 "http://dystonia.mighty-site.com/filebin/css/default.css" "Mozilla/5.0 (X11; U; Linux i686 (x86_64); en-US; rv:1.8.1.18) Gecko/20081203 Firefox/2.0.0.18"
208.111.154.249 - - [02/Jan/2009:02:14:42 -0600] "GET /filebin/images/section_arrow.gif HTTP/1.1" 200 316 "http://dystonia.mighty-site.com/filebin/css/default.css" "Mozilla/5.0 (X11; U; Linux i686 (x86_64); en-US; rv:1.8.1.18) Gecko/20081203 Firefox/2.0.0.18"
66.249.71.9 - - [02/Jan/2009:02:54:25 -0600] "GET /filebin/pdf/Dystonia%20Canada%20Winter%2006.pdf HTTP/1.1" 200 2693060 "-" "Mozilla/5.0 (compatible; Googlebot/2.1; +http://www.google.com/bot.html)"
66.249.71.7 - - [02/Jan/2009:03:30:43 -0600] "GET /filebin/pdf/OMD%20for%20Dental%20Professionals.pdf HTTP/1.1" 304 - "-" "Mozilla/5.0 (compatible; Googlebot/2.1; +http://www.google.com/bot.html)"
72.30.65.57 - - [02/Jan/2009:03:34:15 -0600] "GET /pages/2008_awareness_outreach_campaign/491.php HTTP/1.0" 200 14303 "-" "Mozilla/5.0 (compatible; Yahoo! Slurp; http://help.yahoo.com/help/us/ysearch/slurp)"
72.30.65.57 - - [02/Jan/2009:04:42:55 -0600] "GET /pages/contact_information/216.php HTTP/1.0" 200 15457 "-" "Mozilla/5.0 (compatible; Yahoo! Slurp; http://help.yahoo.com/help/us/ysearch/slurp)"
66.249.71.8 - - [02/Jan/2009:05:06:41 -0600] "GET /filebin/mightymenu/script/page_cookies.php?page_id=146 HTTP/1.1" 200 303 "-" "Mozilla/5.0 (compatible; Googlebot/2.1; +http://www.google.com/bot.html)"
66.249.71.8 - - [02/Jan/2009:05:06:42 -0600] "GET /pages/treatments/filebin/ajax/js/email_ajax.js HTTP/1.1" 200 4563 "-" "Mozilla/5.0 (compatible; Googlebot/2.1; +http://www.google.com/bot.html)"
66.249.71.8 - - [02/Jan/2009:05:06:44 -0600] "GET /filebin/mightymenu/script/page_cookies.php?page_id=26 HTTP/1.1" 200 302 "-" "Mozilla/5.0 (compatible; Googlebot/2.1; +http://www.google.com/bot.html)"
72.30.65.57 - - [02/Jan/2009:06:36:38 -0600] "GET /robots.txt HTTP/1.0" 404 298 "-" "Mozilla/5.0 (compatible; Yahoo! Slurp; http://help.yahoo.com/help/us/ysearch/slurp)"
72.30.65.57 - - [02/Jan/2009:06:36:40 -0600] "GET /pages/articles/226.php?id=141 HTTP/1.0" 200 13784 "-" "Mozilla/5.0 (compatible; Yahoo! Slurp; http://help.yahoo.com/help/us/ysearch/slurp)"
72.30.65.57 - - [02/Jan/2009:06:42:17 -0600] "GET /pages/articles/226.php?id=28 HTTP/1.0" 200 13799 "-" "Mozilla/5.0 (compatible; Yahoo! Slurp; http://help.yahoo.com/help/us/ysearch/slurp)"
208.111.154.16 - - [02/Jan/2009:07:25:20 -0600] "GET /robots.txt HTTP/1.0" 404 298 "-" "Mozilla/5.0 (compatible; Charlotte/1.1; http://www.searchme.com/support/)"
208.111.154.16 - - [02/Jan/2009:07:25:21 -0600] "GET / HTTP/1.1" 200 4563 "-" "Mozilla/5.0 (compatible; Charlotte/1.1; http://www.searchme.com/support/)"
72.30.65.57 - - [02/Jan/2009:07:32:20 -0600] "GET / HTTP/1.0" 200 19601 "-" "Mozilla/5.0 (compatible; Yahoo! Slurp; http://help.yahoo.com/help/us/ysearch/slurp)"
72.30.65.57 - - [02/Jan/2009:08:14:21 -0600] "GET /filebin/pdf/2007%20audited%20financials.pdf HTTP/1.0" 200 40421 "-" "Mozilla/5.0 (compatible; Yahoo! Slurp; http://help.yahoo.com/help/us/ysearch/slurp)"
72.30.65.57 - - [02/Jan/2009:09:21:12 -0600] "GET /filebin/images/?M=A HTTP/1.0" 200 7097 "-" "Mozilla/5.0 (compatible; Yahoo! Slurp; http://help.yahoo.com/help/us/ysearch/slurp)"
72.30.65.57 - - [02/Jan/2009:10:05:33 -0600] "GET /filebin/ajax/?M=A HTTP/1.0" 200 802 "-" "Mozilla/5.0 (compatible; Yahoo! Slurp; http://help.yahoo.com/help/us/ysearch/slurp)"
66.249.71.7 - - [02/Jan/2009:10:17:06 -0600] "GET /robots.txt HTTP/1.1" 404 310 "-" "Mozilla/5.0 (compatible; Googlebot/2.1; +http://www.google.com/bot.html)"
66.249.71.7 - - [02/Jan/2009:10:17:06 -0600] "GET /pages/news_and_resources/filebin/js/sifr.js HTTP/1.1" 200 4563 "-" "Mozilla/5.0 (compatible; Googlebot/2.1; +http://www.google.com/bot.html)"
66.249.71.7 - - [02/Jan/2009:10:17:06 -0600] "GET /pages/news_and_resources/filebin/js/prototype.js HTTP/1.1" 200 4563 "-" "Mozilla/5.0 (compatible; Googlebot/2.1; +http://www.google.com/bot.html)"
66.249.71.7 - - [02/Jan/2009:10:17:07 -0600] "GET /pages/news_and_resources/filebin/ajax/js/email_ajax.js HTTP/1.1" 200 4563 "-" "Mozilla/5.0 (compatible; Googlebot/2.1; +http://www.google.com/bot.html)"
72.30.65.57 - - [02/Jan/2009:12:51:01 -0600] "GET /filebin/pdf/Michael%20Sharp.pdf HTTP/1.0" 200 34633 "-" "Mozilla/5.0 (compatible; Yahoo! Slurp; http://help.yahoo.com/help/us/ysearch/slurp)"
72.30.65.57 - - [02/Jan/2009:13:15:53 -0600] "GET /pages/prognosis/36.php HTTP/1.0" 200 26045 "-" "Mozilla/5.0 (compatible; Yahoo! Slurp; http://help.yahoo.com/help/us/ysearch/slurp)"
72.30.65.57 - - [02/Jan/2009:13:56:18 -0600] "GET /pages/amy_s_blog__a_good_challenge/442.php HTTP/1.0" 200 22633 "-" "Mozilla/5.0 (compatible; Yahoo! Slurp; http://help.yahoo.com/help/us/ysearch/slurp)"
72.30.65.57 - - [02/Jan/2009:14:05:53 -0600] "GET /filebin/images/favicon.ico HTTP/1.0" 200 824 "-" "Mozilla/5.0 (compatible; Yahoo! Slurp; http://help.yahoo.com/help/us/ysearch/slurp)"
72.30.65.57 - - [02/Jan/2009:14:28:28 -0600] "GET /filebin/images/?N=A HTTP/1.0" 200 7097 "-" "Mozilla/5.0 (compatible; Yahoo! Slurp; http://help.yahoo.com/help/us/ysearch/slurp)"
208.111.154.249 - - [02/Jan/2009:15:52:39 -0600] "GET /pages/donate/8.php HTTP/1.1" 200 3393 "-" "Mozilla/5.0 (X11; U; Linux i686 (x86_64); en-US; rv:1.8.1.18) Gecko/20081203 Firefox/2.0.0.18"
