72.30.65.51 - - [01/Jan/2009:00:07:49 -0600] "GET /pages/dauer_/346.php HTTP/1.0" 200 7738 "-" "Mozilla/5.0 (compatible; Yahoo! Slurp; http://help.yahoo.com/help/us/ysearch/slurp)"
71.209.154.152 - - [01/Jan/2009:00:07:49 -0600] "GET /favicon.ico HTTP/1.1" 404 310 "-" "Mozilla/4.0 (compatible; MSIE 7.0; Windows NT 5.1; SIMBAR={EA92090A-4CE1-4125-91B0-FEB2EDEA296E}; .NET CLR 1.0.3705; .NET CLR 1.1.4322; Media Center PC 3.1; .NET CLR 2.0.50727; MSN 9.0;MSN 9.1;MSN 9.6; MSNbQ002; MSNmen-us; MSNcOTH)"
72.30.65.51 - - [01/Jan/2009:00:07:49 -0600] "GET /pages/dauer_/346.php HTTP/1.0" 200 7738 "-" "Mozilla/5.0 (compatible; Yahoo! Slurp; http://help.yahoo.com/help/us/ysearch/slurp)"
72.30.65.51 - - [01/Jan/2009:00:07:49 -0600] "GET /pages/dauer_/346.php HTTP/1.0" 200 7738 "-" "Mozilla/5.0 (compatible; Yahoo! Slurp; http://help.yahoo.com/help/us/ysearch/slurp)"
72.30.65.51 - - [01/Jan/2009:00:07:52 -0600] "GET /pages/dauer_/346.php HTTP/1.0" 200 11834 "-" "Mozilla/5.0 (compatible; Yahoo! Slurp; http://help.yahoo.com/help/us/ysearch/slurp)"
72.30.65.51 - - [01/Jan/2009:00:08:16 -0600] "GET /pages/media_center/411.php HTTP/1.0" 200 7738 "-" "Mozilla/5.0 (compatible; Yahoo! Slurp; http://help.yahoo.com/help/us/ysearch/slurp)"
72.30.65.51 - - [01/Jan/2009:00:08:16 -0600] "GET /pages/media_center/411.php HTTP/1.0" 200 7738 "-" "Mozilla/5.0 (compatible; Yahoo! Slurp; http://help.yahoo.com/help/us/ysearch/slurp)"
72.30.65.51 - - [01/Jan/2009:00:08:16 -0600] "GET /pages/media_center/411.php HTTP/1.0" 200 7738 "-" "Mozilla/5.0 (compatible; Yahoo! Slurp; http://help.yahoo.com/help/us/ysearch/slurp)"
72.30.65.51 - - [01/Jan/2009:00:08:16 -0600] "GET /pages/media_center/411.php HTTP/1.0" 200 7738 "-" "Mozilla/5.0 (compatible; Yahoo! Slurp; http://help.yahoo.com/help/us/ysearch/slurp)"
72.30.65.51 - - [01/Jan/2009:00:08:23 -0600] "GET /pages/dauer_/346.php HTTP/1.0" 200 14813 "-" "Mozilla/5.0 (compatible; Yahoo! Slurp; http://help.yahoo.com/help/us/ysearch/slurp)"
72.30.65.51 - - [01/Jan/2009:00:08:32 -0600] "GET /pages/media_center/411.php HTTP/1.0" 200 17757 "-" "Mozilla/5.0 (compatible; Yahoo! Slurp; http://help.yahoo.com/help/us/ysearch/slurp)"
76.121.206.178 - - [01/Jan/2009:00:09:05 -0600] "GET /pages/frequently_asked_questions/159.php HTTP/1.1" 200 7593 "http://www.google.com/search?hl=en&q=chiropractic+dystonia&aq=f&oq=" "Mozilla/4.0 (compatible; MSIE 7.0; Windows NT 5.1; .NET CLR 1.1.4322; .NET CLR 2.0.50727; .NET CLR 3.0.04506.30; .NET CLR 3.0.04506.648; .NET CLR 3.5.21022)"
76.121.206.178 - - [01/Jan/2009:00:09:06 -0600] "GET /filebin/js/swfobject.js HTTP/1.1" 200 5955 "http://www.dystonia-foundation.org/pages/frequently_asked_questions/159.php" "Mozilla/4.0 (compatible; MSIE 7.0; Windows NT 5.1; .NET CLR 1.1.4322; .NET CLR 2.0.50727; .NET CLR 3.0.04506.30; .NET CLR 3.0.04506.648; .NET CLR 3.5.21022)"
76.121.206.178 - - [01/Jan/2009:00:09:06 -0600] "GET /filebin/js/js_rollover.js HTTP/1.1" 200 778 "http://www.dystonia-foundation.org/pages/frequently_asked_questions/159.php" "Mozilla/4.0 (compatible; MSIE 7.0; Windows NT 5.1; .NET CLR 1.1.4322; .NET CLR 2.0.50727; .NET CLR 3.0.04506.30; .NET CLR 3.0.04506.648; .NET CLR 3.5.21022)"
76.121.206.178 - - [01/Jan/2009:00:09:07 -0600] "GET /filebin/js/sifr.js HTTP/1.1" 200 10480 "http://www.dystonia-foundation.org/pages/frequently_asked_questions/159.php" "Mozilla/4.0 (compatible; MSIE 7.0; Windows NT 5.1; .NET CLR 1.1.4322; .NET CLR 2.0.50727; .NET CLR 3.0.04506.30; .NET CLR 3.0.04506.648; .NET CLR 3.5.21022)"
76.121.206.178 - - [01/Jan/2009:00:09:08 -0600] "GET /filebin/ajax/js/email_ajax.js HTTP/1.1" 200 13270 "http://www.dystonia-foundation.org/pages/frequently_asked_questions/159.php" "Mozilla/4.0 (compatible; MSIE 7.0; Windows NT 5.1; .NET CLR 1.1.4322; .NET CLR 2.0.50727; .NET CLR 3.0.04506.30; .NET CLR 3.0.04506.648; .NET CLR 3.5.21022)"
76.121.206.178 - - [01/Jan/2009:00:09:09 -0600] "GET /filebin/js/prototype.js HTTP/1.1" 200 55149 "http://www.dystonia-foundation.org/pages/frequently_asked_questions/159.php" "Mozilla/4.0 (compatible; MSIE 7.0; Windows NT 5.1; .NET CLR 1.1.4322; .NET CLR 2.0.50727; .NET CLR 3.0.04506.30; .NET CLR 3.0.04506.648; .NET CLR 3.5.21022)"
76.121.206.178 - - [01/Jan/2009:00:09:09 -0600] "GET /filebin/mightymenu/script/mighty_menu.js HTTP/1.1" 200 2401 "http://www.dystonia-foundation.org/pages/frequently_asked_questions/159.php" "Mozilla/4.0 (compatible; MSIE 7.0; Windows NT 5.1; .NET CLR 1.1.4322; .NET CLR 2.0.50727; .NET CLR 3.0.04506.30; .NET CLR 3.0.04506.648; .NET CLR 3.5.21022)"
76.121.206.178 - - [01/Jan/2009:00:09:09 -0600] "GET /filebin/css/default.css HTTP/1.1" 200 1695 "http://www.dystonia-foundation.org/pages/frequently_asked_questions/159.php" "Mozilla/4.0 (compatible; MSIE 7.0; Windows NT 5.1; .NET CLR 1.1.4322; .NET CLR 2.0.50727; .NET CLR 3.0.04506.30; .NET CLR 3.0.04506.648; .NET CLR 3.5.21022)"
76.121.206.178 - - [01/Jan/2009:00:09:09 -0600] "GET /filebin/css/sIFR.css HTTP/1.1" 200 384 "http://www.dystonia-foundation.org/pages/frequently_asked_questions/159.php" "Mozilla/4.0 (compatible; MSIE 7.0; Windows NT 5.1; .NET CLR 1.1.4322; .NET CLR 2.0.50727; .NET CLR 3.0.04506.30; .NET CLR 3.0.04506.648; .NET CLR 3.5.21022)"
76.121.206.178 - - [01/Jan/2009:00:09:10 -0600] "GET /filebin/css/print.css HTTP/1.1" 200 190 "http://www.dystonia-foundation.org/pages/frequently_asked_questions/159.php" "Mozilla/4.0 (compatible; MSIE 7.0; Windows NT 5.1; .NET CLR 1.1.4322; .NET CLR 2.0.50727; .NET CLR 3.0.04506.30; .NET CLR 3.0.04506.648; .NET CLR 3.5.21022)"
76.121.206.178 - - [01/Jan/2009:00:09:10 -0600] "GET /filebin/mightymenu/css/mighty_menu.php HTTP/1.1" 200 614 "http://www.dystonia-foundation.org/pages/frequently_asked_questions/159.php" "Mozilla/4.0 (compatible; MSIE 7.0; Windows NT 5.1; .NET CLR 1.1.4322; .NET CLR 2.0.50727; .NET CLR 3.0.04506.30; .NET CLR 3.0.04506.648; .NET CLR 3.5.21022)"
76.121.206.178 - - [01/Jan/2009:00:09:10 -0600] "GET /filebin/images/canada_leaf.gif HTTP/1.1" 200 200 "http://www.dystonia-foundation.org/pages/frequently_asked_questions/159.php" "Mozilla/4.0 (compatible; MSIE 7.0; Windows NT 5.1; .NET CLR 1.1.4322; .NET CLR 2.0.50727; .NET CLR 3.0.04506.30; .NET CLR 3.0.04506.648; .NET CLR 3.5.21022)"
76.121.206.178 - - [01/Jan/2009:00:09:10 -0600] "GET /filebin/images/dystonia.gif HTTP/1.1" 200 3663 "http://www.dystonia-foundation.org/pages/frequently_asked_questions/159.php" "Mozilla/4.0 (compatible; MSIE 7.0; Windows NT 5.1; .NET CLR 1.1.4322; .NET CLR 2.0.50727; .NET CLR 3.0.04506.30; .NET CLR 3.0.04506.648; .NET CLR 3.5.21022)"
76.121.206.178 - - [01/Jan/2009:00:09:10 -0600] "GET //filebin/images/nav/off/cure_dystonia_initiative.gif HTTP/1.1" 200 731 "http://www.dystonia-foundation.org/pages/frequently_asked_questions/159.php" "Mozilla/4.0 (compatible; MSIE 7.0; Windows NT 5.1; .NET CLR 1.1.4322; .NET CLR 2.0.50727; .NET CLR 3.0.04506.30; .NET CLR 3.0.04506.648; .NET CLR 3.5.21022)"
76.121.206.178 - - [01/Jan/2009:00:09:10 -0600] "GET //filebin/images/nav/off/dystonia_defined.gif HTTP/1.1" 200 568 "http://www.dystonia-foundation.org/pages/frequently_asked_questions/159.php" "Mozilla/4.0 (compatible; MSIE 7.0; Windows NT 5.1; .NET CLR 1.1.4322; .NET CLR 2.0.50727; .NET CLR 3.0.04506.30; .NET CLR 3.0.04506.648; .NET CLR 3.5.21022)"
76.121.206.178 - - [01/Jan/2009:00:09:10 -0600] "GET //filebin/images/nav/off/media.gif HTTP/1.1" 200 477 "http://www.dystonia-foundation.org/pages/frequently_asked_questions/159.php" "Mozilla/4.0 (compatible; MSIE 7.0; Windows NT 5.1; .NET CLR 1.1.4322; .NET CLR 2.0.50727; .NET CLR 3.0.04506.30; .NET CLR 3.0.04506.648; .NET CLR 3.5.21022)"
76.121.206.178 - - [01/Jan/2009:00:09:10 -0600] "GET //filebin/images/nav/on/treatments.gif HTTP/1.1" 200 472 "http://www.dystonia-foundation.org/pages/frequently_asked_questions/159.php" "Mozilla/4.0 (compatible; MSIE 7.0; Windows NT 5.1; .NET CLR 1.1.4322; .NET CLR 2.0.50727; .NET CLR 3.0.04506.30; .NET CLR 3.0.04506.648; .NET CLR 3.5.21022)"
76.121.206.178 - - [01/Jan/2009:00:09:10 -0600] "GET //filebin/images/nav/off/calendar_of_events.gif HTTP/1.1" 200 647 "http://www.dystonia-foundation.org/pages/frequently_asked_questions/159.php" "Mozilla/4.0 (compatible; MSIE 7.0; Windows NT 5.1; .NET CLR 1.1.4322; .NET CLR 2.0.50727; .NET CLR 3.0.04506.30; .NET CLR 3.0.04506.648; .NET CLR 3.5.21022)"
76.121.206.178 - - [01/Jan/2009:00:09:11 -0600] "GET //filebin/images/nav/off/living_with_dystonia.gif HTTP/1.1" 200 400 "http://www.dystonia-foundation.org/pages/frequently_asked_questions/159.php" "Mozilla/4.0 (compatible; MSIE 7.0; Windows NT 5.1; .NET CLR 1.1.4322; .NET CLR 2.0.50727; .NET CLR 3.0.04506.30; .NET CLR 3.0.04506.648; .NET CLR 3.5.21022)"
76.121.206.178 - - [01/Jan/2009:00:09:11 -0600] "GET //filebin/images/nav/off/about_the_foundation.gif HTTP/1.1" 200 684 "http://www.dystonia-foundation.org/pages/frequently_asked_questions/159.php" "Mozilla/4.0 (compatible; MSIE 7.0; Windows NT 5.1; .NET CLR 1.1.4322; .NET CLR 2.0.50727; .NET CLR 3.0.04506.30; .NET CLR 3.0.04506.648; .NET CLR 3.5.21022)"
76.121.206.178 - - [01/Jan/2009:00:09:11 -0600] "GET //filebin/images/nav/off/order_brochures.gif HTTP/1.1" 200 848 "http://www.dystonia-foundation.org/pages/frequently_asked_questions/159.php" "Mozilla/4.0 (compatible; MSIE 7.0; Windows NT 5.1; .NET CLR 1.1.4322; .NET CLR 2.0.50727; .NET CLR 3.0.04506.30; .NET CLR 3.0.04506.648; .NET CLR 3.5.21022)"
76.121.206.178 - - [01/Jan/2009:00:09:11 -0600] "GET //filebin/images/nav/off/donate.gif HTTP/1.1" 200 383 "http://www.dystonia-foundation.org/pages/frequently_asked_questions/159.php" "Mozilla/4.0 (compatible; MSIE 7.0; Windows NT 5.1; .NET CLR 1.1.4322; .NET CLR 2.0.50727; .NET CLR 3.0.04506.30; .NET CLR 3.0.04506.648; .NET CLR 3.5.21022)"
76.121.206.178 - - [01/Jan/2009:00:09:11 -0600] "GET //filebin/images/nav/off/research.gif HTTP/1.1" 200 421 "http://www.dystonia-foundation.org/pages/frequently_asked_questions/159.php" "Mozilla/4.0 (compatible; MSIE 7.0; Windows NT 5.1; .NET CLR 1.1.4322; .NET CLR 2.0.50727; .NET CLR 3.0.04506.30; .NET CLR 3.0.04506.648; .NET CLR 3.5.21022)"
76.121.206.178 - - [01/Jan/2009:00:09:11 -0600] "GET //filebin/images/nav/off/advocacy.gif HTTP/1.1" 200 445 "http://www.dystonia-foundation.org/pages/frequently_asked_questions/159.php" "Mozilla/4.0 (compatible; MSIE 7.0; Windows NT 5.1; .NET CLR 1.1.4322; .NET CLR 2.0.50727; .NET CLR 3.0.04506.30; .NET CLR 3.0.04506.648; .NET CLR 3.5.21022)"
76.121.206.178 - - [01/Jan/2009:00:09:11 -0600] "GET //filebin/images/nav/off/contact_us.gif HTTP/1.1" 200 470 "http://www.dystonia-foundation.org/pages/frequently_asked_questions/159.php" "Mozilla/4.0 (compatible; MSIE 7.0; Windows NT 5.1; .NET CLR 1.1.4322; .NET CLR 2.0.50727; .NET CLR 3.0.04506.30; .NET CLR 3.0.04506.648; .NET CLR 3.5.21022)"
76.121.206.178 - - [01/Jan/2009:00:09:11 -0600] "GET //filebin/images/nav/off/how_you_can_help.gif HTTP/1.1" 200 565 "http://www.dystonia-foundation.org/pages/frequently_asked_questions/159.php" "Mozilla/4.0 (compatible; MSIE 7.0; Windows NT 5.1; .NET CLR 1.1.4322; .NET CLR 2.0.50727; .NET CLR 3.0.04506.30; .NET CLR 3.0.04506.648; .NET CLR 3.5.21022)"
76.121.206.178 - - [01/Jan/2009:00:09:11 -0600] "GET //filebin/images/nav/off/news_and_resources.gif HTTP/1.1" 200 626 "http://www.dystonia-foundation.org/pages/frequently_asked_questions/159.php" "Mozilla/4.0 (compatible; MSIE 7.0; Windows NT 5.1; .NET CLR 1.1.4322; .NET CLR 2.0.50727; .NET CLR 3.0.04506.30; .NET CLR 3.0.04506.648; .NET CLR 3.5.21022)"
76.121.206.178 - - [01/Jan/2009:00:09:11 -0600] "GET /filebin/images/go_btn.gif HTTP/1.1" 200 268 "http://www.dystonia-foundation.org/pages/frequently_asked_questions/159.php" "Mozilla/4.0 (compatible; MSIE 7.0; Windows NT 5.1; .NET CLR 1.1.4322; .NET CLR 2.0.50727; .NET CLR 3.0.04506.30; .NET CLR 3.0.04506.648; .NET CLR 3.5.21022)"
76.121.206.178 - - [01/Jan/2009:00:09:11 -0600] "GET /filebin/images/search_corner.gif HTTP/1.1" 200 131 "http://www.dystonia-foundation.org/pages/frequently_asked_questions/159.php" "Mozilla/4.0 (compatible; MSIE 7.0; Windows NT 5.1; .NET CLR 1.1.4322; .NET CLR 2.0.50727; .NET CLR 3.0.04506.30; .NET CLR 3.0.04506.648; .NET CLR 3.5.21022)"
76.121.206.178 - - [01/Jan/2009:00:09:11 -0600] "GET /filebin/images/arrow.gif HTTP/1.1" 200 48 "http://www.dystonia-foundation.org/pages/frequently_asked_questions/159.php" "Mozilla/4.0 (compatible; MSIE 7.0; Windows NT 5.1; .NET CLR 1.1.4322; .NET CLR 2.0.50727; .NET CLR 3.0.04506.30; .NET CLR 3.0.04506.648; .NET CLR 3.5.21022)"
76.121.206.178 - - [01/Jan/2009:00:09:11 -0600] "GET /filebin/mightymenu/script/page_cookies.php?page_id=159 HTTP/1.1" 200 304 "http://www.dystonia-foundation.org/pages/frequently_asked_questions/159.php" "Mozilla/4.0 (compatible; MSIE 7.0; Windows NT 5.1; .NET CLR 1.1.4322; .NET CLR 2.0.50727; .NET CLR 3.0.04506.30; .NET CLR 3.0.04506.648; .NET CLR 3.5.21022)"
76.121.206.178 - - [01/Jan/2009:00:09:11 -0600] "GET /filebin/images/section_arrow.gif HTTP/1.1" 200 316 "http://www.dystonia-foundation.org/pages/frequently_asked_questions/159.php" "Mozilla/4.0 (compatible; MSIE 7.0; Windows NT 5.1; .NET CLR 1.1.4322; .NET CLR 2.0.50727; .NET CLR 3.0.04506.30; .NET CLR 3.0.04506.648; .NET CLR 3.5.21022)"
76.121.206.178 - - [01/Jan/2009:00:09:12 -0600] "GET /filebin/images/email_btn.gif HTTP/1.1" 200 56 "http://www.dystonia-foundation.org/pages/frequently_asked_questions/159.php" "Mozilla/4.0 (compatible; MSIE 7.0; Windows NT 5.1; .NET CLR 1.1.4322; .NET CLR 2.0.50727; .NET CLR 3.0.04506.30; .NET CLR 3.0.04506.648; .NET CLR 3.5.21022)"
76.121.206.178 - - [01/Jan/2009:00:09:12 -0600] "GET /filebin/images/print_btn.gif HTTP/1.1" 200 62 "http://www.dystonia-foundation.org/pages/frequently_asked_questions/159.php" "Mozilla/4.0 (compatible; MSIE 7.0; Windows NT 5.1; .NET CLR 1.1.4322; .NET CLR 2.0.50727; .NET CLR 3.0.04506.30; .NET CLR 3.0.04506.648; .NET CLR 3.5.21022)"
76.121.206.178 - - [01/Jan/2009:00:09:12 -0600] "GET /filebin/js/replace_text.js HTTP/1.1" 200 188 "http://www.dystonia-foundation.org/pages/frequently_asked_questions/159.php" "Mozilla/4.0 (compatible; MSIE 7.0; Windows NT 5.1; .NET CLR 1.1.4322; .NET CLR 2.0.50727; .NET CLR 3.0.04506.30; .NET CLR 3.0.04506.648; .NET CLR 3.5.21022)"
76.121.206.178 - - [01/Jan/2009:00:09:12 -0600] "GET /filebin/flash/meta_normal.swf HTTP/1.1" 200 9682 "http://www.dystonia-foundation.org/pages/frequently_asked_questions/159.php" "Mozilla/4.0 (compatible; MSIE 7.0; Windows NT 5.1; .NET CLR 1.1.4322; .NET CLR 2.0.50727; .NET CLR 3.0.04506.30; .NET CLR 3.0.04506.648; .NET CLR 3.5.21022)"
76.121.206.178 - - [01/Jan/2009:00:09:55 -0600] "GET /pages/glossary/99.php HTTP/1.1" 200 10796 "http://www.dystonia-foundation.org/pages/frequently_asked_questions/159.php" "Mozilla/4.0 (compatible; MSIE 7.0; Windows NT 5.1; .NET CLR 1.1.4322; .NET CLR 2.0.50727; .NET CLR 3.0.04506.30; .NET CLR 3.0.04506.648; .NET CLR 3.5.21022)"
76.121.206.178 - - [01/Jan/2009:00:09:55 -0600] "GET /filebin/js/swfobject.js HTTP/1.1" 304 - "http://www.dystonia-foundation.org/pages/glossary/99.php" "Mozilla/4.0 (compatible; MSIE 7.0; Windows NT 5.1; .NET CLR 1.1.4322; .NET CLR 2.0.50727; .NET CLR 3.0.04506.30; .NET CLR 3.0.04506.648; .NET CLR 3.5.21022)"
76.121.206.178 - - [01/Jan/2009:00:09:56 -0600] "GET /filebin/js/js_rollover.js HTTP/1.1" 304 - "http://www.dystonia-foundation.org/pages/glossary/99.php" "Mozilla/4.0 (compatible; MSIE 7.0; Windows NT 5.1; .NET CLR 1.1.4322; .NET CLR 2.0.50727; .NET CLR 3.0.04506.30; .NET CLR 3.0.04506.648; .NET CLR 3.5.21022)"
76.121.206.178 - - [01/Jan/2009:00:09:56 -0600] "GET /filebin/js/sifr.js HTTP/1.1" 304 - "http://www.dystonia-foundation.org/pages/glossary/99.php" "Mozilla/4.0 (compatible; MSIE 7.0; Windows NT 5.1; .NET CLR 1.1.4322; .NET CLR 2.0.50727; .NET CLR 3.0.04506.30; .NET CLR 3.0.04506.648; .NET CLR 3.5.21022)"
76.121.206.178 - - [01/Jan/2009:00:09:56 -0600] "GET /filebin/ajax/js/email_ajax.js HTTP/1.1" 304 - "http://www.dystonia-foundation.org/pages/glossary/99.php" "Mozilla/4.0 (compatible; MSIE 7.0; Windows NT 5.1; .NET CLR 1.1.4322; .NET CLR 2.0.50727; .NET CLR 3.0.04506.30; .NET CLR 3.0.04506.648; .NET CLR 3.5.21022)"
76.121.206.178 - - [01/Jan/2009:00:09:56 -0600] "GET /filebin/js/prototype.js HTTP/1.1" 304 - "http://www.dystonia-foundation.org/pages/glossary/99.php" "Mozilla/4.0 (compatible; MSIE 7.0; Windows NT 5.1; .NET CLR 1.1.4322; .NET CLR 2.0.50727; .NET CLR 3.0.04506.30; .NET CLR 3.0.04506.648; .NET CLR 3.5.21022)"
76.121.206.178 - - [01/Jan/2009:00:09:56 -0600] "GET /filebin/mightymenu/script/mighty_menu.js HTTP/1.1" 304 - "http://www.dystonia-foundation.org/pages/glossary/99.php" "Mozilla/4.0 (compatible; MSIE 7.0; Windows NT 5.1; .NET CLR 1.1.4322; .NET CLR 2.0.50727; .NET CLR 3.0.04506.30; .NET CLR 3.0.04506.648; .NET CLR 3.5.21022)"
76.121.206.178 - - [01/Jan/2009:00:09:57 -0600] "GET //filebin/images/nav/on/dystonia_defined.gif HTTP/1.1" 200 568 "http://www.dystonia-foundation.org/pages/glossary/99.php" "Mozilla/4.0 (compatible; MSIE 7.0; Windows NT 5.1; .NET CLR 1.1.4322; .NET CLR 2.0.50727; .NET CLR 3.0.04506.30; .NET CLR 3.0.04506.648; .NET CLR 3.5.21022)"
76.121.206.178 - - [01/Jan/2009:00:09:57 -0600] "GET /filebin/mightymenu/css/mighty_menu.php HTTP/1.1" 200 614 "http://www.dystonia-foundation.org/pages/glossary/99.php" "Mozilla/4.0 (compatible; MSIE 7.0; Windows NT 5.1; .NET CLR 1.1.4322; .NET CLR 2.0.50727; .NET CLR 3.0.04506.30; .NET CLR 3.0.04506.648; .NET CLR 3.5.21022)"
76.121.206.178 - - [01/Jan/2009:00:09:57 -0600] "GET //filebin/images/nav/off/treatments.gif HTTP/1.1" 200 472 "http://www.dystonia-foundation.org/pages/glossary/99.php" "Mozilla/4.0 (compatible; MSIE 7.0; Windows NT 5.1; .NET CLR 1.1.4322; .NET CLR 2.0.50727; .NET CLR 3.0.04506.30; .NET CLR 3.0.04506.648; .NET CLR 3.5.21022)"
76.121.206.178 - - [01/Jan/2009:00:09:57 -0600] "GET /filebin/mightymenu/script/page_cookies.php?page_id=99 HTTP/1.1" 200 301 "http://www.dystonia-foundation.org/pages/glossary/99.php" "Mozilla/4.0 (compatible; MSIE 7.0; Windows NT 5.1; .NET CLR 1.1.4322; .NET CLR 2.0.50727; .NET CLR 3.0.04506.30; .NET CLR 3.0.04506.648; .NET CLR 3.5.21022)"
76.121.206.178 - - [01/Jan/2009:00:09:57 -0600] "GET /filebin/js/replace_text.js HTTP/1.1" 304 - "http://www.dystonia-foundation.org/pages/glossary/99.php" "Mozilla/4.0 (compatible; MSIE 7.0; Windows NT 5.1; .NET CLR 1.1.4322; .NET CLR 2.0.50727; .NET CLR 3.0.04506.30; .NET CLR 3.0.04506.648; .NET CLR 3.5.21022)"
76.121.206.178 - - [01/Jan/2009:00:09:57 -0600] "GET /filebin/flash/meta_normal.swf HTTP/1.1" 304 - "http://www.dystonia-foundation.org/pages/glossary/99.php" "Mozilla/4.0 (compatible; MSIE 7.0; Windows NT 5.1; .NET CLR 1.1.4322; .NET CLR 2.0.50727; .NET CLR 3.0.04506.30; .NET CLR 3.0.04506.648; .NET CLR 3.5.21022)"
76.121.206.178 - - [01/Jan/2009:00:10:16 -0600] "GET /pages/frequently_asked_questions/159.php HTTP/1.1" 200 7593 "http://www.google.com/search?hl=en&q=chiropractic+dystonia&aq=f&oq=" "Mozilla/4.0 (compatible; MSIE 7.0; Windows NT 5.1; .NET CLR 1.1.4322; .NET CLR 2.0.50727; .NET CLR 3.0.04506.30; .NET CLR 3.0.04506.648; .NET CLR 3.5.21022)"
76.121.206.178 - - [01/Jan/2009:00:10:16 -0600] "GET /filebin/js/swfobject.js HTTP/1.1" 304 - "http://www.dystonia-foundation.org/pages/frequently_asked_questions/159.php" "Mozilla/4.0 (compatible; MSIE 7.0; Windows NT 5.1; .NET CLR 1.1.4322; .NET CLR 2.0.50727; .NET CLR 3.0.04506.30; .NET CLR 3.0.04506.648; .NET CLR 3.5.21022)"
76.121.206.178 - - [01/Jan/2009:00:10:17 -0600] "GET /filebin/js/js_rollover.js HTTP/1.1" 304 - "http://www.dystonia-foundation.org/pages/frequently_asked_questions/159.php" "Mozilla/4.0 (compatible; MSIE 7.0; Windows NT 5.1; .NET CLR 1.1.4322; .NET CLR 2.0.50727; .NET CLR 3.0.04506.30; .NET CLR 3.0.04506.648; .NET CLR 3.5.21022)"
76.121.206.178 - - [01/Jan/2009:00:10:17 -0600] "GET /filebin/js/sifr.js HTTP/1.1" 304 - "http://www.dystonia-foundation.org/pages/frequently_asked_questions/159.php" "Mozilla/4.0 (compatible; MSIE 7.0; Windows NT 5.1; .NET CLR 1.1.4322; .NET CLR 2.0.50727; .NET CLR 3.0.04506.30; .NET CLR 3.0.04506.648; .NET CLR 3.5.21022)"
76.121.206.178 - - [01/Jan/2009:00:10:17 -0600] "GET /filebin/ajax/js/email_ajax.js HTTP/1.1" 304 - "http://www.dystonia-foundation.org/pages/frequently_asked_questions/159.php" "Mozilla/4.0 (compatible; MSIE 7.0; Windows NT 5.1; .NET CLR 1.1.4322; .NET CLR 2.0.50727; .NET CLR 3.0.04506.30; .NET CLR 3.0.04506.648; .NET CLR 3.5.21022)"
76.121.206.178 - - [01/Jan/2009:00:10:17 -0600] "GET /filebin/js/prototype.js HTTP/1.1" 304 - "http://www.dystonia-foundation.org/pages/frequently_asked_questions/159.php" "Mozilla/4.0 (compatible; MSIE 7.0; Windows NT 5.1; .NET CLR 1.1.4322; .NET CLR 2.0.50727; .NET CLR 3.0.04506.30; .NET CLR 3.0.04506.648; .NET CLR 3.5.21022)"
76.121.206.178 - - [01/Jan/2009:00:10:17 -0600] "GET /filebin/mightymenu/script/mighty_menu.js HTTP/1.1" 304 - "http://www.dystonia-foundation.org/pages/frequently_asked_questions/159.php" "Mozilla/4.0 (compatible; MSIE 7.0; Windows NT 5.1; .NET CLR 1.1.4322; .NET CLR 2.0.50727; .NET CLR 3.0.04506.30; .NET CLR 3.0.04506.648; .NET CLR 3.5.21022)"
76.121.206.178 - - [01/Jan/2009:00:10:18 -0600] "GET /filebin/js/replace_text.js HTTP/1.1" 304 - "http://www.dystonia-foundation.org/pages/frequently_asked_questions/159.php" "Mozilla/4.0 (compatible; MSIE 7.0; Windows NT 5.1; .NET CLR 1.1.4322; .NET CLR 2.0.50727; .NET CLR 3.0.04506.30; .NET CLR 3.0.04506.648; .NET CLR 3.5.21022)"
76.121.206.178 - - [01/Jan/2009:00:10:18 -0600] "GET /filebin/flash/meta_normal.swf HTTP/1.1" 304 - "http://www.dystonia-foundation.org/pages/frequently_asked_questions/159.php" "Mozilla/4.0 (compatible; MSIE 7.0; Windows NT 5.1; .NET CLR 1.1.4322; .NET CLR 2.0.50727; .NET CLR 3.0.04506.30; .NET CLR 3.0.04506.648; .NET CLR 3.5.21022)"
72.30.65.51 - - [01/Jan/2009:00:10:42 -0600] "GET /filebin/pdf/?M=D HTTP/1.0" 200 11166 "-" "Mozilla/5.0 (compatible; Yahoo! Slurp; http://help.yahoo.com/help/us/ysearch/slurp)"
72.30.65.51 - - [01/Jan/2009:00:17:31 -0600] "GET /pages/articles/226.php?id=28 HTTP/1.0" 200 7738 "-" "Mozilla/5.0 (compatible; Yahoo! Slurp; http://help.yahoo.com/help/us/ysearch/slurp)"
72.30.65.51 - - [01/Jan/2009:00:18:32 -0600] "GET /pages/articles/226.php?id=28 HTTP/1.0" 200 7738 "-" "Mozilla/5.0 (compatible; Yahoo! Slurp; http://help.yahoo.com/help/us/ysearch/slurp)"
72.30.65.51 - - [01/Jan/2009:00:18:45 -0600] "GET /pages/articles/226.php?id=28 HTTP/1.0" 200 14051 "-" "Mozilla/5.0 (compatible; Yahoo! Slurp; http://help.yahoo.com/help/us/ysearch/slurp)"
76.121.206.178 - - [01/Jan/2009:00:18:45 -0600] "GET /filebin/js/swfobject.js HTTP/1.1" 304 - "http://www.dystonia-foundation.org/" "Mozilla/4.0 (compatible; MSIE 7.0; Windows NT 5.1; .NET CLR 1.1.4322; .NET CLR 2.0.50727; .NET CLR 3.0.04506.30; .NET CLR 3.0.04506.648; .NET CLR 3.5.21022)"
76.121.206.178 - - [01/Jan/2009:00:18:45 -0600] "GET / HTTP/1.1" 200 4566 "http://www.google.com/search?hl=en&q=chiropractic+dystonia&start=10&sa=N" "Mozilla/4.0 (compatible; MSIE 7.0; Windows NT 5.1; .NET CLR 1.1.4322; .NET CLR 2.0.50727; .NET CLR 3.0.04506.30; .NET CLR 3.0.04506.648; .NET CLR 3.5.21022)"
76.121.206.178 - - [01/Jan/2009:00:18:52 -0600] "GET /filebin/js/js_rollover.js HTTP/1.1" 304 - "http://www.dystonia-foundation.org/" "Mozilla/4.0 (compatible; MSIE 7.0; Windows NT 5.1; .NET CLR 1.1.4322; .NET CLR 2.0.50727; .NET CLR 3.0.04506.30; .NET CLR 3.0.04506.648; .NET CLR 3.5.21022)"
76.121.206.178 - - [01/Jan/2009:00:18:52 -0600] "GET /filebin/images/nav/on/igive125x75.gif HTTP/1.1" 200 2153 "http://www.dystonia-foundation.org/" "Mozilla/4.0 (compatible; MSIE 7.0; Windows NT 5.1; .NET CLR 1.1.4322; .NET CLR 2.0.50727; .NET CLR 3.0.04506.30; .NET CLR 3.0.04506.648; .NET CLR 3.5.21022)"
76.121.206.178 - - [01/Jan/2009:00:18:52 -0600] "GET /filebin/images/nav/on/title_smaller.gif HTTP/1.1" 200 2628 "http://www.dystonia-foundation.org/" "Mozilla/4.0 (compatible; MSIE 7.0; Windows NT 5.1; .NET CLR 1.1.4322; .NET CLR 2.0.50727; .NET CLR 3.0.04506.30; .NET CLR 3.0.04506.648; .NET CLR 3.5.21022)"
76.121.206.178 - - [01/Jan/2009:00:18:55 -0600] "GET /filebin/flash/home.swf HTTP/1.1" 200 241625 "http://www.dystonia-foundation.org/" "Mozilla/4.0 (compatible; MSIE 7.0; Windows NT 5.1; .NET CLR 1.1.4322; .NET CLR 2.0.50727; .NET CLR 3.0.04506.30; .NET CLR 3.0.04506.648; .NET CLR 3.5.21022)"
76.121.206.178 - - [01/Jan/2009:00:19:10 -0600] "GET //filebin/images/nav/on/order_brochures.gif HTTP/1.1" 200 848 "http://www.dystonia-foundation.org/" "Mozilla/4.0 (compatible; MSIE 7.0; Windows NT 5.1; .NET CLR 1.1.4322; .NET CLR 2.0.50727; .NET CLR 3.0.04506.30; .NET CLR 3.0.04506.648; .NET CLR 3.5.21022)"
76.121.206.178 - - [01/Jan/2009:00:19:10 -0600] "GET //filebin/images/nav/on/about_the_foundation.gif HTTP/1.1" 200 684 "http://www.dystonia-foundation.org/" "Mozilla/4.0 (compatible; MSIE 7.0; Windows NT 5.1; .NET CLR 1.1.4322; .NET CLR 2.0.50727; .NET CLR 3.0.04506.30; .NET CLR 3.0.04506.648; .NET CLR 3.5.21022)"
76.121.206.178 - - [01/Jan/2009:00:19:10 -0600] "GET //filebin/images/nav/on/contact_us.gif HTTP/1.1" 200 470 "http://www.dystonia-foundation.org/" "Mozilla/4.0 (compatible; MSIE 7.0; Windows NT 5.1; .NET CLR 1.1.4322; .NET CLR 2.0.50727; .NET CLR 3.0.04506.30; .NET CLR 3.0.04506.648; .NET CLR 3.5.21022)"
76.121.206.178 - - [01/Jan/2009:00:19:10 -0600] "GET //filebin/images/nav/on/media_ro.gif HTTP/1.1" 200 477 "http://www.dystonia-foundation.org/" "Mozilla/4.0 (compatible; MSIE 7.0; Windows NT 5.1; .NET CLR 1.1.4322; .NET CLR 2.0.50727; .NET CLR 3.0.04506.30; .NET CLR 3.0.04506.648; .NET CLR 3.5.21022)"
76.121.206.178 - - [01/Jan/2009:00:19:11 -0600] "GET //filebin/images/nav/on/living_with_dystonia.gif HTTP/1.1" 200 400 "http://www.dystonia-foundation.org/" "Mozilla/4.0 (compatible; MSIE 7.0; Windows NT 5.1; .NET CLR 1.1.4322; .NET CLR 2.0.50727; .NET CLR 3.0.04506.30; .NET CLR 3.0.04506.648; .NET CLR 3.5.21022)"
88.131.106.1 - - [01/Jan/2009:00:19:57 -0600] "GET /pages/contact_information/216.php HTTP/1.0" 200 15721 "-" "Speedy Spider (http://www.entireweb.com/about/search_tech/speedy_spider/)"
76.121.206.178 - - [01/Jan/2009:00:20:01 -0600] "GET /pages/treatments/6.php HTTP/1.1" 200 7718 "http://www.dystonia-foundation.org/" "Mozilla/4.0 (compatible; MSIE 7.0; Windows NT 5.1; .NET CLR 1.1.4322; .NET CLR 2.0.50727; .NET CLR 3.0.04506.30; .NET CLR 3.0.04506.648; .NET CLR 3.5.21022)"
76.121.206.178 - - [01/Jan/2009:00:20:10 -0600] "GET /pages/treatments/6.php HTTP/1.1" 200 5680 "http://www.dystonia-foundation.org/" "Mozilla/4.0 (compatible; MSIE 7.0; Windows NT 5.1; .NET CLR 1.1.4322; .NET CLR 2.0.50727; .NET CLR 3.0.04506.30; .NET CLR 3.0.04506.648; .NET CLR 3.5.21022)"
76.121.206.178 - - [01/Jan/2009:00:20:24 -0600] "GET /pages/calendar_of_events/7.php HTTP/1.1" 200 4044 "http://www.dystonia-foundation.org/" "Mozilla/4.0 (compatible; MSIE 7.0; Windows NT 5.1; .NET CLR 1.1.4322; .NET CLR 2.0.50727; .NET CLR 3.0.04506.30; .NET CLR 3.0.04506.648; .NET CLR 3.5.21022)"
70.87.63.234 - - [01/Jan/2009:00:20:43 -0600] "GET /path/components/com_mp3_allopass/allopass-error.php?mosConfig_live_site=http://www.pride-ug.ru/idrose.txt??? HTTP/1.1" 404 350 "-" "Mozilla/5.0 (Windows; U; Windows NT 5.1; it; rv:1.8.1b1) Gecko/20060710 Firefox/2.0b1"
70.87.63.234 - - [01/Jan/2009:00:20:43 -0600] "GET /~dystonia/logs/path/components/com_mp3_allopass/allopass-error.php?mosConfig_live_site=http://www.pride-ug.ru/idrose.txt??? HTTP/1.1" 404 365 "-" "Mozilla/5.0 (Windows; U; Windows NT 5.1; it; rv:1.8.1b1) Gecko/20060710 Firefox/2.0b1"
70.87.63.234 - - [01/Jan/2009:00:20:43 -0600] "GET /~dystonia/logs/dystonia-foundation.org-error_log/path/components/com_mp3_allopass/allopass-error.php?mosConfig_live_site=http://www.pride-ug.ru/idrose.txt??? HTTP/1.1" 404 399 "-" "Mozilla/5.0 (Windows; U; Windows NT 5.1; it; rv:1.8.1b1) Gecko/20060710 Firefox/2.0b1"
66.249.71.135 - - [01/Jan/2009:00:21:10 -0600] "GET /pages/dystonia_defined/2.php HTTP/1.1" 200 4701 "-" "Mozilla/5.0 (compatible; Googlebot/2.1; +http://www.google.com/bot.html)"
66.249.71.136 - - [01/Jan/2009:00:21:21 -0600] "GET /pages/oral_medications/121.php HTTP/1.1" 200 5155 "-" "Mozilla/5.0 (compatible; Googlebot/2.1; +http://www.google.com/bot.html)"
193.47.80.42 - - [01/Jan/2009:00:21:45 -0600] "GET /health/default.asp?search=state&stateid=40 HTTP/1.1" 404 317 "-" "Mozilla/5.0 (compatible; Exabot/3.0; +http://www.exabot.com/go/robot)"
88.131.106.1 - - [01/Jan/2009:00:22:18 -0600] "GET /pages/tips_from_other_kids/205.php HTTP/1.0" 200 21260 "-" "Speedy Spider (http://www.entireweb.com/about/search_tech/speedy_spider/)"
66.249.71.136 - - [01/Jan/2009:00:22:19 -0600] "GET /pages/remy_campbell/308.php HTTP/1.1" 200 4127 "-" "Mozilla/5.0 (compatible; Googlebot/2.1; +http://www.google.com/bot.html)"
76.121.206.178 - - [01/Jan/2009:00:22:25 -0600] "GET / HTTP/1.1" 200 4566 "http://www.google.com/search?hl=en&q=chiropractic+dystonia&start=10&sa=N" "Mozilla/4.0 (compatible; MSIE 7.0; Windows NT 5.1; .NET CLR 1.1.4322; .NET CLR 2.0.50727; .NET CLR 3.0.04506.30; .NET CLR 3.0.04506.648; .NET CLR 3.5.21022)"
76.121.206.178 - - [01/Jan/2009:00:22:26 -0600] "GET /filebin/js/swfobject.js HTTP/1.1" 304 - "http://www.dystonia-foundation.org/" "Mozilla/4.0 (compatible; MSIE 7.0; Windows NT 5.1; .NET CLR 1.1.4322; .NET CLR 2.0.50727; .NET CLR 3.0.04506.30; .NET CLR 3.0.04506.648; .NET CLR 3.5.21022)"
76.121.206.178 - - [01/Jan/2009:00:22:28 -0600] "GET /filebin/flash/home.swf HTTP/1.1" 304 - "http://www.dystonia-foundation.org/" "Mozilla/4.0 (compatible; MSIE 7.0; Windows NT 5.1; .NET CLR 1.1.4322; .NET CLR 2.0.50727; .NET CLR 3.0.04506.30; .NET CLR 3.0.04506.648; .NET CLR 3.5.21022)"
76.121.206.178 - - [01/Jan/2009:00:22:29 -0600] "GET /filebin/js/js_rollover.js HTTP/1.1" 304 - "http://www.dystonia-foundation.org/" "Mozilla/4.0 (compatible; MSIE 7.0; Windows NT 5.1; .NET CLR 1.1.4322; .NET CLR 2.0.50727; .NET CLR 3.0.04506.30; .NET CLR 3.0.04506.648; .NET CLR 3.5.21022)"
81.176.226.164 - - [01/Jan/2009:00:22:47 -0600] "GET /path/components/com_mp3_allopass/allopass-error.php?mosConfig_live_site=http://www.pride-ug.ru/idrose.txt??? HTTP/1.1" 404 350 "-" "Mozilla/5.0 (Windows; U; Windows NT 5.1; en-US; rv:1.8b4) Gecko/20050908 Firefox/1.4"
81.176.226.164 - - [01/Jan/2009:00:22:48 -0600] "GET /~dystonia/logs/path/components/com_mp3_allopass/allopass-error.php?mosConfig_live_site=http://www.pride-ug.ru/idrose.txt??? HTTP/1.1" 404 365 "-" "Mozilla/5.0 (Windows; U; Windows NT 5.1; en-US; rv:1.8b4) Gecko/20050908 Firefox/1.4"
81.176.226.164 - - [01/Jan/2009:00:22:48 -0600] "GET /~dystonia/logs/dystonia-foundation.org-error_log/path/components/com_mp3_allopass/allopass-error.php?mosConfig_live_site=http://www.pride-ug.ru/idrose.txt??? HTTP/1.1" 404 399 "-" "Mozilla/5.0 (Windows; U; Windows NT 5.1; en-US; rv:1.8b4) Gecko/20050908 Firefox/1.4"
76.121.206.178 - - [01/Jan/2009:00:22:50 -0600] "GET /pages/calendar_of_events/7.php HTTP/1.1" 200 4044 "http://www.dystonia-foundation.org/" "Mozilla/4.0 (compatible; MSIE 7.0; Windows NT 5.1; .NET CLR 1.1.4322; .NET CLR 2.0.50727; .NET CLR 3.0.04506.30; .NET CLR 3.0.04506.648; .NET CLR 3.5.21022)"
76.121.206.178 - - [01/Jan/2009:00:22:51 -0600] "GET /filebin/js/swfobject.js HTTP/1.1" 304 - "http://www.dystonia-foundation.org/pages/calendar_of_events/7.php" "Mozilla/4.0 (compatible; MSIE 7.0; Windows NT 5.1; .NET CLR 1.1.4322; .NET CLR 2.0.50727; .NET CLR 3.0.04506.30; .NET CLR 3.0.04506.648; .NET CLR 3.5.21022)"
76.121.206.178 - - [01/Jan/2009:00:22:52 -0600] "GET /filebin/js/js_rollover.js HTTP/1.1" 304 - "http://www.dystonia-foundation.org/pages/calendar_of_events/7.php" "Mozilla/4.0 (compatible; MSIE 7.0; Windows NT 5.1; .NET CLR 1.1.4322; .NET CLR 2.0.50727; .NET CLR 3.0.04506.30; .NET CLR 3.0.04506.648; .NET CLR 3.5.21022)"
76.121.206.178 - - [01/Jan/2009:00:22:52 -0600] "GET /filebin/js/sifr.js HTTP/1.1" 304 - "http://www.dystonia-foundation.org/pages/calendar_of_events/7.php" "Mozilla/4.0 (compatible; MSIE 7.0; Windows NT 5.1; .NET CLR 1.1.4322; .NET CLR 2.0.50727; .NET CLR 3.0.04506.30; .NET CLR 3.0.04506.648; .NET CLR 3.5.21022)"
76.121.206.178 - - [01/Jan/2009:00:22:55 -0600] "GET /filebin/ajax/js/email_ajax.js HTTP/1.1" 304 - "http://www.dystonia-foundation.org/pages/calendar_of_events/7.php" "Mozilla/4.0 (compatible; MSIE 7.0; Windows NT 5.1; .NET CLR 1.1.4322; .NET CLR 2.0.50727; .NET CLR 3.0.04506.30; .NET CLR 3.0.04506.648; .NET CLR 3.5.21022)"
76.121.206.178 - - [01/Jan/2009:00:22:56 -0600] "GET /filebin/js/prototype.js HTTP/1.1" 304 - "http://www.dystonia-foundation.org/pages/calendar_of_events/7.php" "Mozilla/4.0 (compatible; MSIE 7.0; Windows NT 5.1; .NET CLR 1.1.4322; .NET CLR 2.0.50727; .NET CLR 3.0.04506.30; .NET CLR 3.0.04506.648; .NET CLR 3.5.21022)"
76.121.206.178 - - [01/Jan/2009:00:22:57 -0600] "GET /filebin/mightymenu/script/mighty_menu.js HTTP/1.1" 304 - "http://www.dystonia-foundation.org/pages/calendar_of_events/7.php" "Mozilla/4.0 (compatible; MSIE 7.0; Windows NT 5.1; .NET CLR 1.1.4322; .NET CLR 2.0.50727; .NET CLR 3.0.04506.30; .NET CLR 3.0.04506.648; .NET CLR 3.5.21022)"
76.121.206.178 - - [01/Jan/2009:00:22:59 -0600] "GET //filebin/images/nav/on/calendar_of_events.gif HTTP/1.1" 200 647 "http://www.dystonia-foundation.org/pages/calendar_of_events/7.php" "Mozilla/4.0 (compatible; MSIE 7.0; Windows NT 5.1; .NET CLR 1.1.4322; .NET CLR 2.0.50727; .NET CLR 3.0.04506.30; .NET CLR 3.0.04506.648; .NET CLR 3.5.21022)"
76.121.206.178 - - [01/Jan/2009:00:23:01 -0600] "GET /filebin/mightymenu/css/mighty_menu.php HTTP/1.1" 200 614 "http://www.dystonia-foundation.org/pages/calendar_of_events/7.php" "Mozilla/4.0 (compatible; MSIE 7.0; Windows NT 5.1; .NET CLR 1.1.4322; .NET CLR 2.0.50727; .NET CLR 3.0.04506.30; .NET CLR 3.0.04506.648; .NET CLR 3.5.21022)"
76.121.206.178 - - [01/Jan/2009:00:23:06 -0600] "GET /filebin/mightymenu/script/page_cookies.php?page_id=7 HTTP/1.1" 200 301 "http://www.dystonia-foundation.org/pages/calendar_of_events/7.php" "Mozilla/4.0 (compatible; MSIE 7.0; Windows NT 5.1; .NET CLR 1.1.4322; .NET CLR 2.0.50727; .NET CLR 3.0.04506.30; .NET CLR 3.0.04506.648; .NET CLR 3.5.21022)"
76.121.206.178 - - [01/Jan/2009:00:23:07 -0600] "GET /public_calendar_aj.js HTTP/1.1" 200 1465 "http://www.dystonia-foundation.org/pages/calendar_of_events/7.php" "Mozilla/4.0 (compatible; MSIE 7.0; Windows NT 5.1; .NET CLR 1.1.4322; .NET CLR 2.0.50727; .NET CLR 3.0.04506.30; .NET CLR 3.0.04506.648; .NET CLR 3.5.21022)"
76.121.206.178 - - [01/Jan/2009:00:23:09 -0600] "GET /public_calendar.js HTTP/1.1" 200 1568 "http://www.dystonia-foundation.org/pages/calendar_of_events/7.php" "Mozilla/4.0 (compatible; MSIE 7.0; Windows NT 5.1; .NET CLR 1.1.4322; .NET CLR 2.0.50727; .NET CLR 3.0.04506.30; .NET CLR 3.0.04506.648; .NET CLR 3.5.21022)"
76.121.206.178 - - [01/Jan/2009:00:23:11 -0600] "GET /filebin/flash/meta_normal.swf HTTP/1.1" 304 - "http://www.dystonia-foundation.org/pages/calendar_of_events/7.php" "Mozilla/4.0 (compatible; MSIE 7.0; Windows NT 5.1; .NET CLR 1.1.4322; .NET CLR 2.0.50727; .NET CLR 3.0.04506.30; .NET CLR 3.0.04506.648; .NET CLR 3.5.21022)"
76.121.206.178 - - [01/Jan/2009:00:23:11 -0600] "GET /filebin/js/replace_text.js HTTP/1.1" 304 - "http://www.dystonia-foundation.org/pages/calendar_of_events/7.php" "Mozilla/4.0 (compatible; MSIE 7.0; Windows NT 5.1; .NET CLR 1.1.4322; .NET CLR 2.0.50727; .NET CLR 3.0.04506.30; .NET CLR 3.0.04506.648; .NET CLR 3.5.21022)"
81.176.226.164 - - [01/Jan/2009:00:23:18 -0600] "GET /%257Edystonia/logs/dystonia-foundation.org-error_log/path/components/com_mp3_allopass/allopass-error.php?mosConfig_live_site=http://www.pride-ug.ru/idrose.txt??? HTTP/1.1" 404 401 "-" "Mozilla/5.0 (Windows; U; Windows NT 5.1; en-US; rv:1.8b4) Gecko/20050908 Firefox/1.4"
81.176.226.164 - - [01/Jan/2009:00:23:18 -0600] "GET /%257Edystonia/logs/path/components/com_mp3_allopass/allopass-error.php?mosConfig_live_site=http://www.pride-ug.ru/idrose.txt??? HTTP/1.1" 404 367 "-" "Mozilla/5.0 (Windows; U; Windows NT 5.1; en-US; rv:1.8b4) Gecko/20050908 Firefox/1.4"
88.131.106.1 - - [01/Jan/2009:00:24:41 -0600] "GET /pages/catalog_and_shopping_cart/271.php HTTP/1.0" 200 15054 "-" "Speedy Spider (http://www.entireweb.com/about/search_tech/speedy_spider/)"
140.130.101.5 - - [01/Jan/2009:00:24:42 -0600] "GET /~dystonia/logs/dystonia-foundation.org-error_log//include/admin.lib.inc.php?site_path=http://www.giovaniemissione.it/media/id2.txt?? HTTP/1.1" 404 374 "-" "Mozilla/5.0 (compatible; Konqueror/3.1; Linux 2.4.22-10mdk; X11; i686; fr, fr_FR)"
140.130.101.5 - - [01/Jan/2009:00:24:42 -0600] "GET /~dystonia/logs//include/admin.lib.inc.php?site_path=http://www.giovaniemissione.it/media/id2.txt?? HTTP/1.1" 404 340 "-" "Mozilla/5.0 (compatible; Konqueror/3.1; Linux 2.4.22-10mdk; X11; i686; fr, fr_FR)"
140.130.101.5 - - [01/Jan/2009:00:24:42 -0600] "GET //include/admin.lib.inc.php?site_path=http://www.giovaniemissione.it/media/id2.txt?? HTTP/1.1" 404 325 "-" "Mozilla/5.0 (compatible; Konqueror/3.1; Linux 2.4.22-10mdk; X11; i686; fr, fr_FR)"
140.130.101.5 - - [01/Jan/2009:00:24:44 -0600] "GET /~dystonia/logs//include/admin.lib.inc.php?site_path=http://www.giovaniemissione.it/media/id2.txt?? HTTP/1.1" 404 340 "-" "Mozilla/5.0 (Windows; U; Windows NT 5.1; en-US; rv:1.8) Gecko/20051219 SeaMonkey/1.0b"
140.130.101.5 - - [01/Jan/2009:00:24:44 -0600] "GET //include/admin.lib.inc.php?site_path=http://www.giovaniemissione.it/media/id2.txt?? HTTP/1.1" 404 325 "-" "Mozilla/5.0 (Windows; U; Windows NT 5.1; en-US; rv:1.8) Gecko/20051219 SeaMonkey/1.0b"
140.130.101.5 - - [01/Jan/2009:00:24:44 -0600] "GET /~dystonia/logs/dystonia-foundation.org-error_log//include/admin.lib.inc.php?site_path=http://www.giovaniemissione.it/media/id2.txt?? HTTP/1.1" 404 374 "-" "Mozilla/5.0 (Windows; U; Windows NT 5.1; en-US; rv:1.8) Gecko/20051219 SeaMonkey/1.0b"
124.182.226.194 - - [01/Jan/2009:00:24:57 -0600] "GET /robots.txt HTTP/1.1" 404 309 "http://www.chat7.oli.us/nsta/yabb/YaBB.cgi?board=gen;action=im" "Mozilla/4.0 (compatible; MSIE 7.0; Windows NT 5.1; .NET CLR 1.1.4322; .NET CLR 2.0.50727)"
76.121.206.178 - - [01/Jan/2009:00:25:02 -0600] "GET /public_calendar_np.php?currMonth=2&currYear=2009 HTTP/1.1" 200 812 "http://www.dystonia-foundation.org/pages/calendar_of_events/7.php" "Mozilla/4.0 (compatible; MSIE 7.0; Windows NT 5.1; .NET CLR 1.1.4322; .NET CLR 2.0.50727; .NET CLR 3.0.04506.30; .NET CLR 3.0.04506.648; .NET CLR 3.5.21022)"
76.121.206.178 - - [01/Jan/2009:00:25:09 -0600] "GET /public_calendar_np.php?currMonth=3&currYear=2009 HTTP/1.1" 200 815 "http://www.dystonia-foundation.org/pages/calendar_of_events/7.php" "Mozilla/4.0 (compatible; MSIE 7.0; Windows NT 5.1; .NET CLR 1.1.4322; .NET CLR 2.0.50727; .NET CLR 3.0.04506.30; .NET CLR 3.0.04506.648; .NET CLR 3.5.21022)"
76.121.206.178 - - [01/Jan/2009:00:25:22 -0600] "GET /public_calendar_np.php?currMonth=4&currYear=2009 HTTP/1.1" 200 795 "http://www.dystonia-foundation.org/pages/calendar_of_events/7.php" "Mozilla/4.0 (compatible; MSIE 7.0; Windows NT 5.1; .NET CLR 1.1.4322; .NET CLR 2.0.50727; .NET CLR 3.0.04506.30; .NET CLR 3.0.04506.648; .NET CLR 3.5.21022)"
76.121.206.178 - - [01/Jan/2009:00:25:25 -0600] "GET /public_calendar_np.php?currMonth=5&currYear=2009 HTTP/1.1" 200 661 "http://www.dystonia-foundation.org/pages/calendar_of_events/7.php" "Mozilla/4.0 (compatible; MSIE 7.0; Windows NT 5.1; .NET CLR 1.1.4322; .NET CLR 2.0.50727; .NET CLR 3.0.04506.30; .NET CLR 3.0.04506.648; .NET CLR 3.5.21022)"
76.121.206.178 - - [01/Jan/2009:00:25:26 -0600] "GET /public_calendar_np.php?currMonth=6&currYear=2009 HTTP/1.1" 200 662 "http://www.dystonia-foundation.org/pages/calendar_of_events/7.php" "Mozilla/4.0 (compatible; MSIE 7.0; Windows NT 5.1; .NET CLR 1.1.4322; .NET CLR 2.0.50727; .NET CLR 3.0.04506.30; .NET CLR 3.0.04506.648; .NET CLR 3.5.21022)"
76.121.206.178 - - [01/Jan/2009:00:25:28 -0600] "GET /public_calendar_np.php?currMonth=7&currYear=2009 HTTP/1.1" 200 665 "http://www.dystonia-foundation.org/pages/calendar_of_events/7.php" "Mozilla/4.0 (compatible; MSIE 7.0; Windows NT 5.1; .NET CLR 1.1.4322; .NET CLR 2.0.50727; .NET CLR 3.0.04506.30; .NET CLR 3.0.04506.648; .NET CLR 3.5.21022)"
76.121.206.178 - - [01/Jan/2009:00:25:29 -0600] "GET /public_calendar_np.php?currMonth=8&currYear=2009 HTTP/1.1" 200 662 "http://www.dystonia-foundation.org/pages/calendar_of_events/7.php" "Mozilla/4.0 (compatible; MSIE 7.0; Windows NT 5.1; .NET CLR 1.1.4322; .NET CLR 2.0.50727; .NET CLR 3.0.04506.30; .NET CLR 3.0.04506.648; .NET CLR 3.5.21022)"
76.121.206.178 - - [01/Jan/2009:00:25:31 -0600] "GET /public_calendar_np.php?currMonth=9&currYear=2009 HTTP/1.1" 200 666 "http://www.dystonia-foundation.org/pages/calendar_of_events/7.php" "Mozilla/4.0 (compatible; MSIE 7.0; Windows NT 5.1; .NET CLR 1.1.4322; .NET CLR 2.0.50727; .NET CLR 3.0.04506.30; .NET CLR 3.0.04506.648; .NET CLR 3.5.21022)"
76.121.206.178 - - [01/Jan/2009:00:25:32 -0600] "GET /public_calendar_np.php?currMonth=10&currYear=2009 HTTP/1.1" 200 664 "http://www.dystonia-foundation.org/pages/calendar_of_events/7.php" "Mozilla/4.0 (compatible; MSIE 7.0; Windows NT 5.1; .NET CLR 1.1.4322; .NET CLR 2.0.50727; .NET CLR 3.0.04506.30; .NET CLR 3.0.04506.648; .NET CLR 3.5.21022)"
124.182.226.194 - - [01/Jan/2009:00:25:32 -0600] "GET /filebin/pdf/ddspring07.pdf HTTP/1.1" 200 2293760 "http://www.chat7.oli.us/nsta/yabb/YaBB.cgi?board=gen;action=im" "Mozilla/4.0 (compatible; MSIE 7.0; Windows NT 5.1; .NET CLR 1.1.4322; .NET CLR 2.0.50727)"
76.121.206.178 - - [01/Jan/2009:00:25:34 -0600] "GET /public_calendar_np.php?currMonth=11&currYear=2009 HTTP/1.1" 200 657 "http://www.dystonia-foundation.org/pages/calendar_of_events/7.php" "Mozilla/4.0 (compatible; MSIE 7.0; Windows NT 5.1; .NET CLR 1.1.4322; .NET CLR 2.0.50727; .NET CLR 3.0.04506.30; .NET CLR 3.0.04506.648; .NET CLR 3.5.21022)"
76.121.206.178 - - [01/Jan/2009:00:25:36 -0600] "GET /public_calendar_np.php?currMonth=12&currYear=2009 HTTP/1.1" 200 671 "http://www.dystonia-foundation.org/pages/calendar_of_events/7.php" "Mozilla/4.0 (compatible; MSIE 7.0; Windows NT 5.1; .NET CLR 1.1.4322; .NET CLR 2.0.50727; .NET CLR 3.0.04506.30; .NET CLR 3.0.04506.648; .NET CLR 3.5.21022)"
76.121.206.178 - - [01/Jan/2009:00:25:37 -0600] "GET /public_calendar_np.php?currMonth=1&currYear=2010 HTTP/1.1" 200 669 "http://www.dystonia-foundation.org/pages/calendar_of_events/7.php" "Mozilla/4.0 (compatible; MSIE 7.0; Windows NT 5.1; .NET CLR 1.1.4322; .NET CLR 2.0.50727; .NET CLR 3.0.04506.30; .NET CLR 3.0.04506.648; .NET CLR 3.5.21022)"
76.121.206.178 - - [01/Jan/2009:00:25:42 -0600] "GET / HTTP/1.1" 200 4566 "http://www.dystonia-foundation.org/pages/calendar_of_events/7.php" "Mozilla/4.0 (compatible; MSIE 7.0; Windows NT 5.1; .NET CLR 1.1.4322; .NET CLR 2.0.50727; .NET CLR 3.0.04506.30; .NET CLR 3.0.04506.648; .NET CLR 3.5.21022)"
76.121.206.178 - - [01/Jan/2009:00:25:42 -0600] "GET /filebin/js/swfobject.js HTTP/1.1" 304 - "http://www.dystonia-foundation.org/" "Mozilla/4.0 (compatible; MSIE 7.0; Windows NT 5.1; .NET CLR 1.1.4322; .NET CLR 2.0.50727; .NET CLR 3.0.04506.30; .NET CLR 3.0.04506.648; .NET CLR 3.5.21022)"
76.121.206.178 - - [01/Jan/2009:00:25:43 -0600] "GET /filebin/js/js_rollover.js HTTP/1.1" 304 - "http://www.dystonia-foundation.org/" "Mozilla/4.0 (compatible; MSIE 7.0; Windows NT 5.1; .NET CLR 1.1.4322; .NET CLR 2.0.50727; .NET CLR 3.0.04506.30; .NET CLR 3.0.04506.648; .NET CLR 3.5.21022)"
76.121.206.178 - - [01/Jan/2009:00:25:43 -0600] "GET /filebin/flash/home.swf HTTP/1.1" 304 - "http://www.dystonia-foundation.org/" "Mozilla/4.0 (compatible; MSIE 7.0; Windows NT 5.1; .NET CLR 1.1.4322; .NET CLR 2.0.50727; .NET CLR 3.0.04506.30; .NET CLR 3.0.04506.648; .NET CLR 3.5.21022)"
72.30.65.51 - - [01/Jan/2009:00:26:07 -0600] "GET /pages/non_drug_therapies/110.php HTTP/1.0" 200 21647 "-" "Mozilla/5.0 (compatible; Yahoo! Slurp; http://help.yahoo.com/help/us/ysearch/slurp)"
76.121.206.178 - - [01/Jan/2009:00:26:18 -0600] "GET //filebin/images/favicon.ico HTTP/1.1" 200 824 "-" "Mozilla/4.0 (compatible; MSIE 7.0; Windows NT 5.1; .NET CLR 1.1.4322; .NET CLR 2.0.50727; .NET CLR 3.0.04506.30; .NET CLR 3.0.04506.648; .NET CLR 3.5.21022)"
72.30.65.51 - - [01/Jan/2009:00:27:03 -0600] "GET /pages/articles/226.php?id=7 HTTP/1.0" 200 14069 "-" "Mozilla/5.0 (compatible; Yahoo! Slurp; http://help.yahoo.com/help/us/ysearch/slurp)"
74.213.164.118 - - [01/Jan/2009:00:27:25 -0600] "GET /~dystonia/logs/dystonia-foundation.org-error_log//include/lib.inc.php?site_path=http://www.107.getplex.com/bbs/id? HTTP/1.1" 404 368 "-" "libwww-perl/5.805"
74.213.164.118 - - [01/Jan/2009:00:27:25 -0600] "GET //include/lib.inc.php?site_path=http://www.107.getplex.com/bbs/id? HTTP/1.1" 404 319 "-" "libwww-perl/5.805"
74.213.164.118 - - [01/Jan/2009:00:27:26 -0600] "GET /~dystonia/logs//include/lib.inc.php?site_path=http://www.107.getplex.com/bbs/id? HTTP/1.1" 404 334 "-" "libwww-perl/5.805"
88.131.106.1 - - [01/Jan/2009:00:27:53 -0600] "GET /pages/oral_medications/121.php HTTP/1.0" 200 22554 "-" "Speedy Spider (http://www.entireweb.com/about/search_tech/speedy_spider/)"
72.30.65.51 - - [01/Jan/2009:00:28:32 -0600] "GET /pages/articles/226.php?id=82 HTTP/1.0" 200 13988 "-" "Mozilla/5.0 (compatible; Yahoo! Slurp; http://help.yahoo.com/help/us/ysearch/slurp)"
75.125.216.234 - - [01/Jan/2009:00:29:15 -0600] "GET / HTTP/1.1" 200 19846 "-" "Mozilla/4.0 (compatible; MSIE 5.01; Windows NT 5.0)"
72.30.65.51 - - [01/Jan/2009:00:29:54 -0600] "GET /~dystonia/?D=A HTTP/1.0" 200 813 "-" "Mozilla/5.0 (compatible; Yahoo! Slurp; http://help.yahoo.com/help/us/ysearch/slurp)"
167.211.190.2 - - [01/Jan/2009:00:30:14 -0600] "GET /filebin/mightymenu/script/mighty_menu.js HTTP/1.1" 304 - "-" "Mozilla/4.0 (compatible;)"
66.235.124.99 - - [01/Jan/2009:00:31:18 -0600] "GET /?/ HTTP/1.0" 200 19805 "-" "Mozilla/5.0 (compatible; Ask Jeeves/Teoma; +http://about.ask.com/en/docs/about/webmasters.shtml)"
88.131.106.1 - - [01/Jan/2009:00:31:57 -0600] "GET /pages/juice_newton_performs_benefit_concert/268.php HTTP/1.0" 200 497 "-" "Speedy Spider (http://www.entireweb.com/about/search_tech/speedy_spider/)"
24.237.43.24 - - [01/Jan/2009:00:32:17 -0600] "GET / HTTP/1.1" 200 4566 "http://www.google.com/search?hl=en&q=dystonia&aq=0&oq=DYST" "Mozilla/4.0 (compatible; MSIE 7.0; Windows NT 6.0; SLCC1; .NET CLR 2.0.50727; Media Center PC 5.0; .NET CLR 3.0.04506)"
24.237.43.24 - - [01/Jan/2009:00:32:17 -0600] "GET /filebin/js/swfobject.js HTTP/1.1" 200 5955 "http://www.dystonia-foundation.org/" "Mozilla/4.0 (compatible; MSIE 7.0; Windows NT 6.0; SLCC1; .NET CLR 2.0.50727; Media Center PC 5.0; .NET CLR 3.0.04506)"
24.237.43.24 - - [01/Jan/2009:00:32:18 -0600] "GET /filebin/js/js_rollover.js HTTP/1.1" 200 778 "http://www.dystonia-foundation.org/" "Mozilla/4.0 (compatible; MSIE 7.0; Windows NT 6.0; SLCC1; .NET CLR 2.0.50727; Media Center PC 5.0; .NET CLR 3.0.04506)"
24.237.43.24 - - [01/Jan/2009:00:32:18 -0600] "GET /filebin/images/dystonia.gif HTTP/1.1" 200 3663 "http://www.dystonia-foundation.org/" "Mozilla/4.0 (compatible; MSIE 7.0; Windows NT 6.0; SLCC1; .NET CLR 2.0.50727; Media Center PC 5.0; .NET CLR 3.0.04506)"
24.237.43.24 - - [01/Jan/2009:00:32:18 -0600] "GET /filebin/images/canada_leaf.gif HTTP/1.1" 200 200 "http://www.dystonia-foundation.org/" "Mozilla/4.0 (compatible; MSIE 7.0; Windows NT 6.0; SLCC1; .NET CLR 2.0.50727; Media Center PC 5.0; .NET CLR 3.0.04506)"
24.237.43.24 - - [01/Jan/2009:00:32:18 -0600] "GET //filebin/images/nav/off/dystonia_defined.gif HTTP/1.1" 200 568 "http://www.dystonia-foundation.org/" "Mozilla/4.0 (compatible; MSIE 7.0; Windows NT 6.0; SLCC1; .NET CLR 2.0.50727; Media Center PC 5.0; .NET CLR 3.0.04506)"
24.237.43.24 - - [01/Jan/2009:00:32:18 -0600] "GET //filebin/images/nav/off/cure_dystonia_initiative.gif HTTP/1.1" 200 731 "http://www.dystonia-foundation.org/" "Mozilla/4.0 (compatible; MSIE 7.0; Windows NT 6.0; SLCC1; .NET CLR 2.0.50727; Media Center PC 5.0; .NET CLR 3.0.04506)"
24.237.43.24 - - [01/Jan/2009:00:32:18 -0600] "GET //filebin/images/nav/off/media.gif HTTP/1.1" 200 477 "http://www.dystonia-foundation.org/" "Mozilla/4.0 (compatible; MSIE 7.0; Windows NT 6.0; SLCC1; .NET CLR 2.0.50727; Media Center PC 5.0; .NET CLR 3.0.04506)"
24.237.43.24 - - [01/Jan/2009:00:32:18 -0600] "GET //filebin/images/nav/off/treatments.gif HTTP/1.1" 200 472 "http://www.dystonia-foundation.org/" "Mozilla/4.0 (compatible; MSIE 7.0; Windows NT 6.0; SLCC1; .NET CLR 2.0.50727; Media Center PC 5.0; .NET CLR 3.0.04506)"
24.237.43.24 - - [01/Jan/2009:00:32:18 -0600] "GET //filebin/images/nav/off/about_the_foundation.gif HTTP/1.1" 200 684 "http://www.dystonia-foundation.org/" "Mozilla/4.0 (compatible; MSIE 7.0; Windows NT 6.0; SLCC1; .NET CLR 2.0.50727; Media Center PC 5.0; .NET CLR 3.0.04506)"
24.237.43.24 - - [01/Jan/2009:00:32:18 -0600] "GET //filebin/images/nav/off/calendar_of_events.gif HTTP/1.1" 200 647 "http://www.dystonia-foundation.org/" "Mozilla/4.0 (compatible; MSIE 7.0; Windows NT 6.0; SLCC1; .NET CLR 2.0.50727; Media Center PC 5.0; .NET CLR 3.0.04506)"
24.237.43.24 - - [01/Jan/2009:00:32:19 -0600] "GET //filebin/images/nav/off/order_brochures.gif HTTP/1.1" 200 848 "http://www.dystonia-foundation.org/" "Mozilla/4.0 (compatible; MSIE 7.0; Windows NT 6.0; SLCC1; .NET CLR 2.0.50727; Media Center PC 5.0; .NET CLR 3.0.04506)"
24.237.43.24 - - [01/Jan/2009:00:32:19 -0600] "GET //filebin/images/nav/off/living_with_dystonia.gif HTTP/1.1" 200 400 "http://www.dystonia-foundation.org/" "Mozilla/4.0 (compatible; MSIE 7.0; Windows NT 6.0; SLCC1; .NET CLR 2.0.50727; Media Center PC 5.0; .NET CLR 3.0.04506)"
24.237.43.24 - - [01/Jan/2009:00:32:20 -0600] "GET //filebin/images/nav/off/advocacy.gif HTTP/1.1" 200 445 "http://www.dystonia-foundation.org/" "Mozilla/4.0 (compatible; MSIE 7.0; Windows NT 6.0; SLCC1; .NET CLR 2.0.50727; Media Center PC 5.0; .NET CLR 3.0.04506)"
